Last updated on 2022-08-15 08:49:59 CEST.
Flavor | Version | Tinstall | Tcheck | Ttotal | Status | Flags |
---|---|---|---|---|---|---|
r-devel-linux-x86_64-debian-clang | 0.1.0 | 3.93 | 32.77 | 36.70 | NOTE | |
r-devel-linux-x86_64-debian-gcc | 0.1.0 | 1.94 | 25.08 | 27.02 | NOTE | |
r-devel-linux-x86_64-fedora-clang | 0.1.0 | 54.52 | NOTE | |||
r-devel-linux-x86_64-fedora-gcc | 0.1.0 | 54.37 | NOTE | |||
r-devel-windows-x86_64 | 0.1.0 | 43.00 | 57.00 | 100.00 | NOTE | |
r-patched-linux-x86_64 | 0.1.0 | 3.29 | 30.19 | 33.48 | NOTE | |
r-release-linux-x86_64 | 0.1.0 | 3.79 | 30.87 | 34.66 | NOTE | |
r-release-macos-arm64 | 0.1.0 | 20.00 | NOTE | |||
r-release-macos-x86_64 | 0.1.0 | 25.00 | NOTE | |||
r-release-windows-x86_64 | 0.1.0 | 43.00 | 58.00 | 101.00 | NOTE | |
r-oldrel-macos-arm64 | 0.1.0 | 19.00 | NOTE | |||
r-oldrel-macos-x86_64 | 0.1.0 | 35.00 | NOTE | |||
r-oldrel-windows-ix86+x86_64 | 0.1.0 | 9.00 | 51.00 | 60.00 | NOTE |
Version: 0.1.0
Check: LazyData
Result: NOTE
'LazyData' is specified without a 'data' directory
Flavors: r-devel-linux-x86_64-debian-clang, r-devel-linux-x86_64-debian-gcc, r-devel-linux-x86_64-fedora-clang, r-devel-linux-x86_64-fedora-gcc, r-devel-windows-x86_64, r-patched-linux-x86_64, r-release-linux-x86_64, r-release-macos-arm64, r-release-macos-x86_64, r-release-windows-x86_64, r-oldrel-macos-arm64, r-oldrel-macos-x86_64, r-oldrel-windows-ix86+x86_64