Last updated on 2022-08-15 08:49:59 CEST.
Flavor | Version | Tinstall | Tcheck | Ttotal | Status | Flags |
---|---|---|---|---|---|---|
r-devel-linux-x86_64-debian-clang | 1.3.5 | 9.74 | 81.99 | 91.73 | OK | |
r-devel-linux-x86_64-debian-gcc | 1.3.5 | 7.11 | 61.77 | 68.88 | OK | |
r-devel-linux-x86_64-fedora-clang | 1.3.5 | 116.50 | NOTE | |||
r-devel-linux-x86_64-fedora-gcc | 1.3.5 | 119.47 | NOTE | |||
r-devel-windows-x86_64 | 1.3.5 | 17.00 | 112.00 | 129.00 | OK | |
r-patched-linux-x86_64 | 1.3.5 | 11.64 | 77.81 | 89.45 | OK | |
r-release-linux-x86_64 | 1.3.5 | 8.76 | 76.88 | 85.64 | OK | |
r-release-macos-arm64 | 1.3.5 | 36.00 | NOTE | |||
r-release-macos-x86_64 | 1.3.5 | 67.00 | NOTE | |||
r-release-windows-x86_64 | 1.3.5 | 23.00 | 105.00 | 128.00 | OK | |
r-oldrel-macos-arm64 | 1.3.5 | 47.00 | NOTE | |||
r-oldrel-macos-x86_64 | 1.3.5 | 66.00 | NOTE | |||
r-oldrel-windows-ix86+x86_64 | 1.3.5 | 20.00 | 100.00 | 120.00 | OK |
Version: 1.3.5
Check: data for non-ASCII characters
Result: NOTE
Note: found 7 marked UTF-8 strings
Flavors: r-devel-linux-x86_64-fedora-clang, r-devel-linux-x86_64-fedora-gcc, r-release-macos-arm64, r-release-macos-x86_64, r-oldrel-macos-arm64, r-oldrel-macos-x86_64