Last updated on 2022-08-15 08:49:59 CEST.
Flavor | Version | Tinstall | Tcheck | Ttotal | Status | Flags |
---|---|---|---|---|---|---|
r-devel-linux-x86_64-debian-clang | 1.0 | 8.14 | 86.09 | 94.23 | OK | |
r-devel-linux-x86_64-debian-gcc | 1.0 | 6.01 | 67.69 | 73.70 | OK | |
r-devel-linux-x86_64-fedora-clang | 1.0 | 124.53 | NOTE | |||
r-devel-linux-x86_64-fedora-gcc | 1.0 | 129.26 | NOTE | |||
r-devel-windows-x86_64 | 1.0 | 13.00 | 112.00 | 125.00 | OK | |
r-patched-linux-x86_64 | 1.0 | 9.48 | 83.18 | 92.66 | OK | |
r-release-linux-x86_64 | 1.0 | 8.36 | 82.61 | 90.97 | OK | |
r-release-macos-arm64 | 1.0 | 39.00 | OK | |||
r-release-macos-x86_64 | 1.0 | 53.00 | OK | |||
r-release-windows-x86_64 | 1.0 | 15.00 | 108.00 | 123.00 | OK | |
r-oldrel-macos-arm64 | 1.0 | 49.00 | OK | |||
r-oldrel-macos-x86_64 | 1.0 | 73.00 | OK | |||
r-oldrel-windows-ix86+x86_64 | 1.0 | 20.00 | 152.00 | 172.00 | OK |
Version: 1.0
Check: compiled code
Result: NOTE
File ‘linERR/libs/linERR.so’:
Found no calls to: ‘R_registerRoutines’, ‘R_useDynamicSymbols’
It is good practice to register native routines and to disable symbol
search.
See ‘Writing portable packages’ in the ‘Writing R Extensions’ manual.
Flavors: r-devel-linux-x86_64-fedora-clang, r-devel-linux-x86_64-fedora-gcc