Last updated on 2022-08-15 08:49:59 CEST.
Flavor | Version | Tinstall | Tcheck | Ttotal | Status | Flags |
---|---|---|---|---|---|---|
r-devel-linux-x86_64-debian-clang | 0.9 | 5.42 | 67.52 | 72.94 | NOTE | |
r-devel-linux-x86_64-debian-gcc | 0.9 | 4.08 | 50.68 | 54.76 | NOTE | |
r-devel-linux-x86_64-fedora-clang | 0.9 | 95.93 | NOTE | |||
r-devel-linux-x86_64-fedora-gcc | 0.9 | 97.24 | NOTE | |||
r-devel-windows-x86_64 | 0.9 | 13.00 | 94.00 | 107.00 | NOTE | |
r-patched-linux-x86_64 | 0.9 | 4.00 | 62.53 | 66.53 | NOTE | |
r-release-linux-x86_64 | 0.9 | 3.76 | 64.22 | 67.98 | NOTE | |
r-release-macos-arm64 | 0.9 | 25.00 | NOTE | |||
r-release-macos-x86_64 | 0.9 | 53.00 | NOTE | |||
r-release-windows-x86_64 | 0.9 | 11.00 | 95.00 | 106.00 | NOTE | |
r-oldrel-macos-arm64 | 0.9 | 37.00 | NOTE | |||
r-oldrel-macos-x86_64 | 0.9 | 47.00 | NOTE | |||
r-oldrel-windows-ix86+x86_64 | 0.9 | 16.00 | 87.00 | 103.00 | NOTE |
Version: 0.9
Check: LazyData
Result: NOTE
'LazyData' is specified without a 'data' directory
Flavors: r-devel-linux-x86_64-debian-clang, r-devel-linux-x86_64-debian-gcc, r-devel-linux-x86_64-fedora-clang, r-devel-linux-x86_64-fedora-gcc, r-devel-windows-x86_64, r-patched-linux-x86_64, r-release-linux-x86_64, r-release-macos-arm64, r-release-macos-x86_64, r-release-windows-x86_64, r-oldrel-macos-arm64, r-oldrel-macos-x86_64, r-oldrel-windows-ix86+x86_64