Last updated on 2022-08-15 08:50:00 CEST.
Flavor | Version | Tinstall | Tcheck | Ttotal | Status | Flags |
---|---|---|---|---|---|---|
r-devel-linux-x86_64-debian-clang | 1.3.0 | 10.58 | 110.80 | 121.38 | NOTE | |
r-devel-linux-x86_64-debian-gcc | 1.3.0 | 8.05 | 81.69 | 89.74 | NOTE | |
r-devel-linux-x86_64-fedora-clang | 1.3.0 | 152.77 | NOTE | |||
r-devel-linux-x86_64-fedora-gcc | 1.3.0 | 151.24 | NOTE | |||
r-devel-windows-x86_64 | 1.3.0 | 34.00 | 132.00 | 166.00 | NOTE | |
r-patched-linux-x86_64 | 1.3.0 | 8.91 | 102.54 | 111.45 | NOTE | |
r-release-linux-x86_64 | 1.3.0 | 10.51 | 103.13 | 113.64 | NOTE | |
r-release-macos-arm64 | 1.3.0 | 34.00 | NOTE | |||
r-release-macos-x86_64 | 1.3.0 | 83.00 | NOTE | |||
r-release-windows-x86_64 | 1.3.0 | 15.00 | 134.00 | 149.00 | NOTE | |
r-oldrel-macos-arm64 | 1.3.0 | 82.00 | NOTE | |||
r-oldrel-macos-x86_64 | 1.3.0 | 64.00 | NOTE | |||
r-oldrel-windows-ix86+x86_64 | 1.3.0 | 24.00 | 132.00 | 156.00 | NOTE |
Version: 1.3.0
Check: LazyData
Result: NOTE
'LazyData' is specified without a 'data' directory
Flavors: r-devel-linux-x86_64-debian-clang, r-devel-linux-x86_64-debian-gcc, r-devel-linux-x86_64-fedora-clang, r-devel-linux-x86_64-fedora-gcc, r-devel-windows-x86_64, r-patched-linux-x86_64, r-release-linux-x86_64, r-release-macos-arm64, r-release-macos-x86_64, r-release-windows-x86_64, r-oldrel-macos-arm64, r-oldrel-macos-x86_64, r-oldrel-windows-ix86+x86_64