Last updated on 2022-08-15 08:50:00 CEST.
Flavor | Version | Tinstall | Tcheck | Ttotal | Status | Flags |
---|---|---|---|---|---|---|
r-devel-linux-x86_64-debian-clang | 0.0.4 | 2.65 | 36.54 | 39.19 | OK | |
r-devel-linux-x86_64-debian-gcc | 0.0.4 | 2.14 | 29.18 | 31.32 | OK | |
r-devel-linux-x86_64-fedora-clang | 0.0.4 | 59.48 | NOTE | |||
r-devel-linux-x86_64-fedora-gcc | 0.0.4 | 58.26 | OK | |||
r-devel-windows-x86_64 | 0.0.4 | 12.00 | 70.00 | 82.00 | OK | |
r-patched-linux-x86_64 | 0.0.4 | 2.94 | 35.47 | 38.41 | OK | |
r-release-linux-x86_64 | 0.0.4 | 2.83 | 35.53 | 38.36 | OK | |
r-release-macos-arm64 | 0.0.4 | 22.00 | OK | |||
r-release-macos-x86_64 | 0.0.4 | 29.00 | OK | |||
r-release-windows-x86_64 | 0.0.4 | 12.00 | 71.00 | 83.00 | OK | |
r-oldrel-macos-arm64 | 0.0.4 | 26.00 | OK | |||
r-oldrel-macos-x86_64 | 0.0.4 | 34.00 | OK | |||
r-oldrel-windows-ix86+x86_64 | 0.0.4 | 8.00 | 65.00 | 73.00 | OK |
Version: 0.0.4
Check: Rd cross-references
Result: NOTE
Undeclared package ‘pinp’ in Rd xrefs
Flavor: r-devel-linux-x86_64-fedora-clang