Last updated on 2022-08-15 08:50:00 CEST.
Flavor | Version | Tinstall | Tcheck | Ttotal | Status | Flags |
---|---|---|---|---|---|---|
r-devel-linux-x86_64-debian-clang | 0.1.2 | 3.98 | 43.55 | 47.53 | OK | |
r-devel-linux-x86_64-debian-gcc | 0.1.2 | 2.89 | 32.59 | 35.48 | OK | |
r-devel-linux-x86_64-fedora-clang | 0.1.2 | 67.76 | NOTE | |||
r-devel-linux-x86_64-fedora-gcc | 0.1.2 | 64.90 | NOTE | |||
r-devel-windows-x86_64 | 0.1.2 | 15.00 | 69.00 | 84.00 | OK | |
r-patched-linux-x86_64 | 0.1.2 | 3.34 | 40.10 | 43.44 | OK | |
r-release-linux-x86_64 | 0.1.2 | 4.05 | 40.94 | 44.99 | OK | |
r-release-macos-arm64 | 0.1.2 | 23.00 | NOTE | |||
r-release-macos-x86_64 | 0.1.2 | 34.00 | NOTE | |||
r-release-windows-x86_64 | 0.1.2 | 14.00 | 66.00 | 80.00 | OK | |
r-oldrel-macos-arm64 | 0.1.2 | 24.00 | NOTE | |||
r-oldrel-macos-x86_64 | 0.1.2 | 31.00 | NOTE | |||
r-oldrel-windows-ix86+x86_64 | 0.1.2 | 10.00 | 59.00 | 69.00 | OK |
Version: 0.1.2
Check: data for non-ASCII characters
Result: NOTE
Note: found 32 marked UTF-8 strings
Flavors: r-devel-linux-x86_64-fedora-clang, r-devel-linux-x86_64-fedora-gcc, r-release-macos-arm64, r-release-macos-x86_64, r-oldrel-macos-arm64, r-oldrel-macos-x86_64