Last updated on 2022-08-15 08:50:00 CEST.
Flavor | Version | Tinstall | Tcheck | Ttotal | Status | Flags |
---|---|---|---|---|---|---|
r-devel-linux-x86_64-debian-clang | 0.3.1 | 2.92 | 33.78 | 36.70 | NOTE | |
r-devel-linux-x86_64-debian-gcc | 0.3.1 | 2.06 | 26.44 | 28.50 | NOTE | |
r-devel-linux-x86_64-fedora-clang | 0.3.1 | 56.68 | NOTE | |||
r-devel-linux-x86_64-fedora-gcc | 0.3.1 | 53.86 | NOTE | |||
r-devel-windows-x86_64 | 0.3.1 | 49.00 | 57.00 | 106.00 | NOTE | |
r-patched-linux-x86_64 | 0.3.1 | 3.28 | 32.37 | 35.65 | NOTE | |
r-release-linux-x86_64 | 0.3.1 | 2.92 | 32.71 | 35.63 | NOTE | |
r-release-macos-arm64 | 0.3.1 | 17.00 | NOTE | |||
r-release-macos-x86_64 | 0.3.1 | 25.00 | NOTE | |||
r-release-windows-x86_64 | 0.3.1 | 41.00 | 58.00 | 99.00 | NOTE | |
r-oldrel-macos-arm64 | 0.3.1 | 18.00 | NOTE | |||
r-oldrel-macos-x86_64 | 0.3.1 | 33.00 | NOTE | |||
r-oldrel-windows-ix86+x86_64 | 0.3.1 | 7.00 | 50.00 | 57.00 | NOTE |
Version: 0.3.1
Check: LazyData
Result: NOTE
'LazyData' is specified without a 'data' directory
Flavors: r-devel-linux-x86_64-debian-clang, r-devel-linux-x86_64-debian-gcc, r-devel-linux-x86_64-fedora-clang, r-devel-linux-x86_64-fedora-gcc, r-devel-windows-x86_64, r-patched-linux-x86_64, r-release-linux-x86_64, r-release-macos-arm64, r-release-macos-x86_64, r-release-windows-x86_64, r-oldrel-macos-arm64, r-oldrel-macos-x86_64, r-oldrel-windows-ix86+x86_64
Version: 0.3.1
Check: Rd cross-references
Result: NOTE
Undeclared package ‘keras’ in Rd xrefs
Flavor: r-devel-linux-x86_64-fedora-clang