Last updated on 2022-08-15 08:50:00 CEST.
Flavor | Version | Tinstall | Tcheck | Ttotal | Status | Flags |
---|---|---|---|---|---|---|
r-devel-linux-x86_64-debian-clang | 0.1.0 | 5.71 | 50.41 | 56.12 | NOTE | |
r-devel-linux-x86_64-debian-gcc | 0.1.0 | 4.07 | 37.23 | 41.30 | NOTE | |
r-devel-linux-x86_64-fedora-clang | 0.1.0 | 76.59 | NOTE | |||
r-devel-linux-x86_64-fedora-gcc | 0.1.0 | 75.14 | NOTE | |||
r-devel-windows-x86_64 | 0.1.0 | 15.00 | 71.00 | 86.00 | NOTE | |
r-patched-linux-x86_64 | 0.1.0 | 5.81 | 48.25 | 54.06 | NOTE | |
r-release-linux-x86_64 | 0.1.0 | 3.61 | 47.40 | 51.01 | NOTE | |
r-release-macos-arm64 | 0.1.0 | 22.00 | NOTE | |||
r-release-macos-x86_64 | 0.1.0 | 42.00 | NOTE | |||
r-release-windows-x86_64 | 0.1.0 | 13.00 | 70.00 | 83.00 | NOTE | |
r-oldrel-macos-arm64 | 0.1.0 | 26.00 | NOTE | |||
r-oldrel-macos-x86_64 | 0.1.0 | 36.00 | NOTE | |||
r-oldrel-windows-ix86+x86_64 | 0.1.0 | 15.00 | 66.00 | 81.00 | NOTE |
Version: 0.1.0
Check: LazyData
Result: NOTE
'LazyData' is specified without a 'data' directory
Flavors: r-devel-linux-x86_64-debian-clang, r-devel-linux-x86_64-debian-gcc, r-devel-linux-x86_64-fedora-clang, r-devel-linux-x86_64-fedora-gcc, r-devel-windows-x86_64, r-patched-linux-x86_64, r-release-linux-x86_64, r-release-macos-arm64, r-release-macos-x86_64, r-release-windows-x86_64, r-oldrel-macos-arm64, r-oldrel-macos-x86_64, r-oldrel-windows-ix86+x86_64