Last updated on 2022-08-15 08:50:00 CEST.
Flavor | Version | Tinstall | Tcheck | Ttotal | Status | Flags |
---|---|---|---|---|---|---|
r-devel-linux-x86_64-debian-clang | 1.0.0 | 15.88 | 141.02 | 156.90 | NOTE | |
r-devel-linux-x86_64-debian-gcc | 1.0.0 | 13.61 | 101.50 | 115.11 | NOTE | |
r-devel-linux-x86_64-fedora-clang | 1.0.0 | 193.74 | NOTE | |||
r-devel-linux-x86_64-fedora-gcc | 1.0.0 | 193.13 | NOTE | |||
r-devel-windows-x86_64 | 1.0.0 | 24.00 | 149.00 | 173.00 | NOTE | |
r-patched-linux-x86_64 | 1.0.0 | 12.53 | 131.63 | 144.16 | OK | |
r-release-linux-x86_64 | 1.0.0 | 10.56 | 130.04 | 140.60 | OK | |
r-release-macos-arm64 | 1.0.0 | 53.00 | OK | |||
r-release-macos-x86_64 | 1.0.0 | 107.00 | OK | |||
r-release-windows-x86_64 | 1.0.0 | 22.00 | 146.00 | 168.00 | OK | |
r-oldrel-macos-arm64 | 1.0.0 | 59.00 | OK | |||
r-oldrel-macos-x86_64 | 1.0.0 | 95.00 | OK | |||
r-oldrel-windows-ix86+x86_64 | 1.0.0 | 36.00 | 153.00 | 189.00 | OK |
Version: 1.0.0
Check: Rd files
Result: NOTE
checkRd: (-1) MHDI.Rd:23: Escaped LaTeX specials: \&
Flavors: r-devel-linux-x86_64-debian-clang, r-devel-linux-x86_64-debian-gcc, r-devel-linux-x86_64-fedora-clang, r-devel-linux-x86_64-fedora-gcc, r-devel-windows-x86_64