Last updated on 2022-08-15 08:50:00 CEST.
Flavor | Version | Tinstall | Tcheck | Ttotal | Status | Flags |
---|---|---|---|---|---|---|
r-devel-linux-x86_64-debian-clang | 2.1.0 | 6.82 | 49.27 | 56.09 | OK | |
r-devel-linux-x86_64-debian-gcc | 2.1.0 | 4.48 | 37.74 | 42.22 | OK | |
r-devel-linux-x86_64-fedora-clang | 2.1.0 | 80.63 | NOTE | |||
r-devel-linux-x86_64-fedora-gcc | 2.1.0 | 76.64 | NOTE | |||
r-devel-windows-x86_64 | 2.1.0 | 24.00 | 85.00 | 109.00 | OK | |
r-patched-linux-x86_64 | 2.1.0 | 5.49 | 46.41 | 51.90 | OK | |
r-release-linux-x86_64 | 2.1.0 | 5.10 | 47.66 | 52.76 | OK | |
r-release-macos-arm64 | 2.1.0 | 28.00 | OK | |||
r-release-macos-x86_64 | 2.1.0 | 37.00 | OK | |||
r-release-windows-x86_64 | 2.1.0 | 25.00 | 91.00 | 116.00 | OK | |
r-oldrel-macos-arm64 | 2.1.0 | 32.00 | OK | |||
r-oldrel-macos-x86_64 | 2.1.0 | 53.00 | OK | |||
r-oldrel-windows-ix86+x86_64 | 2.1.0 | 12.00 | 81.00 | 93.00 | OK |
Version: 2.1.0
Check: compiled code
Result: NOTE
File ‘lmPerm/libs/lmPerm.so’:
Found no calls to: ‘R_registerRoutines’, ‘R_useDynamicSymbols’
It is good practice to register native routines and to disable symbol
search.
See ‘Writing portable packages’ in the ‘Writing R Extensions’ manual.
Flavors: r-devel-linux-x86_64-fedora-clang, r-devel-linux-x86_64-fedora-gcc