Last updated on 2022-08-15 08:50:00 CEST.
Flavor | Version | Tinstall | Tcheck | Ttotal | Status | Flags |
---|---|---|---|---|---|---|
r-devel-linux-x86_64-debian-clang | 0.2.3 | 29.97 | 250.19 | 280.16 | NOTE | |
r-devel-linux-x86_64-debian-gcc | 0.2.3 | 22.01 | 183.31 | 205.32 | NOTE | |
r-devel-linux-x86_64-fedora-clang | 0.2.3 | 339.39 | NOTE | |||
r-devel-linux-x86_64-fedora-gcc | 0.2.3 | 336.91 | NOTE | |||
r-devel-windows-x86_64 | 0.2.3 | 27.00 | 234.00 | 261.00 | NOTE | |
r-patched-linux-x86_64 | 0.2.3 | 28.45 | 231.45 | 259.90 | NOTE | |
r-release-linux-x86_64 | 0.2.3 | 28.43 | 235.40 | 263.83 | NOTE | |
r-release-macos-arm64 | 0.2.3 | 86.00 | NOTE | |||
r-release-macos-x86_64 | 0.2.3 | 116.00 | NOTE | |||
r-release-windows-x86_64 | 0.2.3 | 26.00 | 240.00 | 266.00 | NOTE | |
r-oldrel-macos-arm64 | 0.2.3 | 106.00 | NOTE | |||
r-oldrel-macos-x86_64 | 0.2.3 | 118.00 | NOTE | |||
r-oldrel-windows-ix86+x86_64 | 0.2.3 | 56.00 | 240.00 | 296.00 | NOTE |
Version: 0.2.3
Check: LazyData
Result: NOTE
'LazyData' is specified without a 'data' directory
Flavors: r-devel-linux-x86_64-debian-clang, r-devel-linux-x86_64-debian-gcc, r-devel-linux-x86_64-fedora-clang, r-devel-linux-x86_64-fedora-gcc, r-devel-windows-x86_64, r-patched-linux-x86_64, r-release-linux-x86_64, r-release-macos-arm64, r-release-macos-x86_64, r-release-windows-x86_64, r-oldrel-macos-arm64, r-oldrel-macos-x86_64, r-oldrel-windows-ix86+x86_64