Last updated on 2022-08-15 08:50:00 CEST.
Flavor | Version | Tinstall | Tcheck | Ttotal | Status | Flags |
---|---|---|---|---|---|---|
r-devel-linux-x86_64-debian-clang | 1.1-30 | 105.55 | 596.14 | 701.69 | OK | |
r-devel-linux-x86_64-debian-gcc | 1.1-30 | 85.13 | 434.27 | 519.40 | OK | |
r-devel-linux-x86_64-fedora-clang | 1.1-30 | 847.05 | NOTE | |||
r-devel-linux-x86_64-fedora-gcc | 1.1-30 | 887.50 | OK | |||
r-devel-windows-x86_64 | 1.1-30 | 119.00 | 530.00 | 649.00 | NOTE | |
r-patched-linux-x86_64 | 1.1-30 | 97.61 | 559.40 | 657.01 | OK | |
r-release-linux-x86_64 | 1.1-30 | 91.75 | 559.11 | 650.86 | OK | |
r-release-macos-arm64 | 1.1-30 | 214.00 | NOTE | |||
r-release-macos-x86_64 | 1.1-30 | 308.00 | NOTE | |||
r-release-windows-x86_64 | 1.1-30 | 136.00 | 565.00 | 701.00 | NOTE | |
r-oldrel-macos-arm64 | 1.1-30 | 202.00 | NOTE | |||
r-oldrel-macos-x86_64 | 1.1-30 | 301.00 | NOTE | |||
r-oldrel-windows-ix86+x86_64 | 1.1-30 | 234.00 | 748.00 | 982.00 | NOTE |
Version: 1.1-30
Check: installed package size
Result: NOTE
installed size is 6.4Mb
sub-directories of 1Mb or more:
R 1.5Mb
doc 2.0Mb
testdata 1.3Mb
Flavors: r-devel-linux-x86_64-fedora-clang, r-devel-windows-x86_64, r-release-macos-arm64, r-release-macos-x86_64, r-release-windows-x86_64, r-oldrel-macos-arm64, r-oldrel-macos-x86_64, r-oldrel-windows-ix86+x86_64