Last updated on 2022-08-15 08:50:00 CEST.
Flavor | Version | Tinstall | Tcheck | Ttotal | Status | Flags |
---|---|---|---|---|---|---|
r-devel-linux-x86_64-debian-clang | 1.5.2 | 6.18 | 87.88 | 94.06 | NOTE | |
r-devel-linux-x86_64-debian-gcc | 1.5.2 | 2.83 | 65.83 | 68.66 | NOTE | |
r-devel-linux-x86_64-fedora-clang | 1.5.2 | 124.89 | NOTE | |||
r-devel-linux-x86_64-fedora-gcc | 1.5.2 | 120.84 | NOTE | |||
r-devel-windows-x86_64 | 1.5.2 | 27.00 | 174.00 | 201.00 | NOTE | |
r-patched-linux-x86_64 | 1.5.2 | 5.66 | 81.81 | 87.47 | NOTE | |
r-release-linux-x86_64 | 1.5.2 | 6.70 | 81.75 | 88.45 | NOTE | |
r-release-macos-arm64 | 1.5.2 | 55.00 | NOTE | |||
r-release-macos-x86_64 | 1.5.2 | 78.00 | NOTE | |||
r-release-windows-x86_64 | 1.5.2 | 27.00 | 173.00 | 200.00 | NOTE | |
r-oldrel-macos-arm64 | 1.5.2 | 72.00 | NOTE | |||
r-oldrel-macos-x86_64 | 1.5.2 | 113.00 | NOTE | |||
r-oldrel-windows-ix86+x86_64 | 1.5.2 | 11.00 | 161.00 | 172.00 | NOTE |
Version: 1.5.2
Check: LazyData
Result: NOTE
'LazyData' is specified without a 'data' directory
Flavors: r-devel-linux-x86_64-debian-clang, r-devel-linux-x86_64-debian-gcc, r-devel-linux-x86_64-fedora-clang, r-devel-linux-x86_64-fedora-gcc, r-devel-windows-x86_64, r-patched-linux-x86_64, r-release-linux-x86_64, r-release-macos-arm64, r-release-macos-x86_64, r-release-windows-x86_64, r-oldrel-macos-arm64, r-oldrel-macos-x86_64, r-oldrel-windows-ix86+x86_64