Last updated on 2022-08-15 08:50:00 CEST.
Flavor | Version | Tinstall | Tcheck | Ttotal | Status | Flags |
---|---|---|---|---|---|---|
r-devel-linux-x86_64-debian-clang | 0.2.0 | 10.59 | 90.50 | 101.09 | NOTE | |
r-devel-linux-x86_64-debian-gcc | 0.2.0 | 8.15 | 70.37 | 78.52 | NOTE | |
r-devel-linux-x86_64-fedora-clang | 0.2.0 | 134.71 | NOTE | |||
r-devel-linux-x86_64-fedora-gcc | 0.2.0 | 133.77 | NOTE | |||
r-devel-windows-x86_64 | 0.2.0 | 20.00 | 114.00 | 134.00 | NOTE | |
r-patched-linux-x86_64 | 0.2.0 | 11.68 | 87.37 | 99.05 | NOTE | |
r-release-linux-x86_64 | 0.2.0 | 8.98 | 87.26 | 96.24 | NOTE | |
r-release-macos-arm64 | 0.2.0 | 36.00 | NOTE | |||
r-release-macos-x86_64 | 0.2.0 | 65.00 | NOTE | |||
r-release-windows-x86_64 | 0.2.0 | 51.00 | 114.00 | 165.00 | NOTE | |
r-oldrel-macos-arm64 | 0.2.0 | 49.00 | NOTE | |||
r-oldrel-macos-x86_64 | 0.2.0 | 71.00 | NOTE | |||
r-oldrel-windows-ix86+x86_64 | 0.2.0 | 26.00 | 110.00 | 136.00 | NOTE |
Version: 0.2.0
Check: LazyData
Result: NOTE
'LazyData' is specified without a 'data' directory
Flavors: r-devel-linux-x86_64-debian-clang, r-devel-linux-x86_64-debian-gcc, r-devel-linux-x86_64-fedora-clang, r-devel-linux-x86_64-fedora-gcc, r-devel-windows-x86_64, r-patched-linux-x86_64, r-release-linux-x86_64, r-release-macos-arm64, r-release-macos-x86_64, r-release-windows-x86_64, r-oldrel-macos-arm64, r-oldrel-macos-x86_64, r-oldrel-windows-ix86+x86_64
Version: 0.2.0
Check: dependencies in R code
Result: NOTE
Namespace in Imports field not imported from: ‘shinyjs’
All declared Imports should be used.
Flavors: r-devel-linux-x86_64-fedora-clang, r-devel-linux-x86_64-fedora-gcc, r-release-macos-arm64, r-release-macos-x86_64, r-oldrel-macos-arm64, r-oldrel-macos-x86_64