Last updated on 2022-08-15 08:50:00 CEST.
Flavor | Version | Tinstall | Tcheck | Ttotal | Status | Flags |
---|---|---|---|---|---|---|
r-devel-linux-x86_64-debian-clang | 1.1.1 | 2.74 | 62.46 | 65.20 | NOTE | |
r-devel-linux-x86_64-debian-gcc | 1.1.1 | 2.93 | 46.15 | 49.08 | NOTE | |
r-devel-linux-x86_64-fedora-clang | 1.1.1 | 87.84 | NOTE | |||
r-devel-linux-x86_64-fedora-gcc | 1.1.1 | 87.16 | NOTE | |||
r-devel-windows-x86_64 | 1.1.1 | 35.00 | 108.00 | 143.00 | NOTE | |
r-patched-linux-x86_64 | 1.1.1 | 4.28 | 58.01 | 62.29 | OK | |
r-release-linux-x86_64 | 1.1.1 | 2.89 | 57.54 | 60.43 | OK | |
r-release-macos-arm64 | 1.1.1 | 41.00 | OK | |||
r-release-macos-x86_64 | 1.1.1 | 45.00 | OK | |||
r-release-windows-x86_64 | 1.1.1 | 29.00 | 107.00 | 136.00 | OK | |
r-oldrel-macos-arm64 | 1.1.1 | 37.00 | OK | |||
r-oldrel-macos-x86_64 | 1.1.1 | 68.00 | OK | |||
r-oldrel-windows-ix86+x86_64 | 1.1.1 | 7.00 | 88.00 | 95.00 | OK |
Version: 1.1.1
Check: package subdirectories
Result: NOTE
Problems with news in 'NEWS.md':
Cannot extract version info from the following section titles:
Author
Maintainer
Flavors: r-devel-linux-x86_64-debian-clang, r-devel-linux-x86_64-debian-gcc, r-devel-linux-x86_64-fedora-clang, r-devel-linux-x86_64-fedora-gcc, r-devel-windows-x86_64