Last updated on 2022-08-15 08:50:00 CEST.
Flavor | Version | Tinstall | Tcheck | Ttotal | Status | Flags |
---|---|---|---|---|---|---|
r-devel-linux-x86_64-debian-clang | 0.1.1 | 5.03 | 58.10 | 63.13 | NOTE | |
r-devel-linux-x86_64-debian-gcc | 0.1.1 | 3.47 | 43.65 | 47.12 | NOTE | |
r-devel-linux-x86_64-fedora-clang | 0.1.1 | 84.76 | NOTE | |||
r-devel-linux-x86_64-fedora-gcc | 0.1.1 | 85.30 | NOTE | |||
r-devel-windows-x86_64 | 0.1.1 | 10.00 | 79.00 | 89.00 | NOTE | |
r-patched-linux-x86_64 | 0.1.1 | 5.11 | 54.08 | 59.19 | NOTE | |
r-release-linux-x86_64 | 0.1.1 | 5.17 | 54.24 | 59.41 | NOTE | |
r-release-macos-arm64 | 0.1.1 | 26.00 | NOTE | |||
r-release-macos-x86_64 | 0.1.1 | 45.00 | NOTE | |||
r-release-windows-x86_64 | 0.1.1 | 9.00 | 80.00 | 89.00 | NOTE | |
r-oldrel-macos-arm64 | 0.1.1 | 42.00 | NOTE | |||
r-oldrel-macos-x86_64 | 0.1.1 | 41.00 | NOTE | |||
r-oldrel-windows-ix86+x86_64 | 0.1.1 | 17.00 | 77.00 | 94.00 | NOTE |
Version: 0.1.1
Check: LazyData
Result: NOTE
'LazyData' is specified without a 'data' directory
Flavors: r-devel-linux-x86_64-debian-clang, r-devel-linux-x86_64-debian-gcc, r-devel-linux-x86_64-fedora-clang, r-devel-linux-x86_64-fedora-gcc, r-devel-windows-x86_64, r-patched-linux-x86_64, r-release-linux-x86_64, r-release-macos-arm64, r-release-macos-x86_64, r-release-windows-x86_64, r-oldrel-macos-arm64, r-oldrel-macos-x86_64, r-oldrel-windows-ix86+x86_64
Version: 0.1.1
Check: dependencies in R code
Result: NOTE
Namespace in Imports field not imported from: ‘checkmate’
All declared Imports should be used.
Flavors: r-devel-linux-x86_64-fedora-clang, r-devel-linux-x86_64-fedora-gcc, r-release-macos-arm64, r-release-macos-x86_64, r-oldrel-macos-arm64, r-oldrel-macos-x86_64