Last updated on 2022-08-15 08:50:00 CEST.
Flavor | Version | Tinstall | Tcheck | Ttotal | Status | Flags |
---|---|---|---|---|---|---|
r-devel-linux-x86_64-debian-clang | 1.0.8 | 59.27 | 165.29 | 224.56 | OK | |
r-devel-linux-x86_64-debian-gcc | 1.0.8 | 50.43 | 121.76 | 172.19 | OK | |
r-devel-linux-x86_64-fedora-clang | 1.0.8 | 288.56 | OK | |||
r-devel-linux-x86_64-fedora-gcc | 1.0.8 | 302.24 | OK | |||
r-devel-windows-x86_64 | 1.0.8 | 231.00 | 227.00 | 458.00 | OK | |
r-patched-linux-x86_64 | 1.0.8 | 54.31 | 161.87 | 216.18 | OK | |
r-release-linux-x86_64 | 1.0.8 | 53.39 | 162.17 | 215.56 | OK | |
r-release-macos-arm64 | 1.0.8 | 105.00 | NOTE | |||
r-release-macos-x86_64 | 1.0.8 | 111.00 | NOTE | |||
r-release-windows-x86_64 | 1.0.8 | 265.00 | 239.00 | 504.00 | OK | |
r-oldrel-macos-arm64 | 1.0.8 | 91.00 | NOTE | |||
r-oldrel-macos-x86_64 | 1.0.8 | 113.00 | NOTE | |||
r-oldrel-windows-ix86+x86_64 | 1.0.8 | 135.00 | 228.00 | 363.00 | OK |
Version: 1.0.8
Check: installed package size
Result: NOTE
installed size is 19.9Mb
sub-directories of 1Mb or more:
libs 19.2Mb
Flavors: r-release-macos-arm64, r-release-macos-x86_64, r-oldrel-macos-arm64, r-oldrel-macos-x86_64