Last updated on 2022-08-15 08:50:00 CEST.
Flavor | Version | Tinstall | Tcheck | Ttotal | Status | Flags |
---|---|---|---|---|---|---|
r-devel-linux-x86_64-debian-clang | 1.1 | 3.98 | 32.15 | 36.13 | OK | |
r-devel-linux-x86_64-debian-gcc | 1.1 | 2.93 | 24.67 | 27.60 | OK | |
r-devel-linux-x86_64-fedora-clang | 1.1 | 53.41 | NOTE | |||
r-devel-linux-x86_64-fedora-gcc | 1.1 | 52.06 | NOTE | |||
r-devel-windows-x86_64 | 1.1 | 13.00 | 60.00 | 73.00 | OK | |
r-patched-linux-x86_64 | 1.1 | 3.70 | 29.95 | 33.65 | OK | |
r-release-linux-x86_64 | 1.1 | 2.97 | 30.25 | 33.22 | OK | |
r-release-macos-arm64 | 1.1 | 18.00 | OK | |||
r-release-macos-x86_64 | 1.1 | 27.00 | OK | |||
r-release-windows-x86_64 | 1.1 | 9.00 | 58.00 | 67.00 | OK | |
r-oldrel-macos-arm64 | 1.1 | 20.00 | OK | |||
r-oldrel-macos-x86_64 | 1.1 | 33.00 | OK | |||
r-oldrel-windows-ix86+x86_64 | 1.1 | 9.00 | 66.00 | 75.00 | OK |
Version: 1.1
Check: compiled code
Result: NOTE
File ‘loe/libs/loe.so’:
Found no calls to: ‘R_registerRoutines’, ‘R_useDynamicSymbols’
It is good practice to register native routines and to disable symbol
search.
See ‘Writing portable packages’ in the ‘Writing R Extensions’ manual.
Flavors: r-devel-linux-x86_64-fedora-clang, r-devel-linux-x86_64-fedora-gcc