Last updated on 2022-08-15 08:50:00 CEST.
Flavor | Version | Tinstall | Tcheck | Ttotal | Status | Flags |
---|---|---|---|---|---|---|
r-devel-linux-x86_64-debian-clang | 1.1.1 | 3.50 | 28.04 | 31.54 | OK | |
r-devel-linux-x86_64-debian-gcc | 1.1.1 | 2.66 | 22.13 | 24.79 | OK | |
r-devel-linux-x86_64-fedora-clang | 1.1.1 | 50.06 | NOTE | |||
r-devel-linux-x86_64-fedora-gcc | 1.1.1 | 48.85 | NOTE | |||
r-devel-windows-x86_64 | 1.1.1 | 11.00 | 56.00 | 67.00 | OK | |
r-patched-linux-x86_64 | 1.1.1 | 2.85 | 27.20 | 30.05 | OK | |
r-release-linux-x86_64 | 1.1.1 | 2.65 | 27.38 | 30.03 | OK | |
r-release-macos-arm64 | 1.1.1 | 17.00 | NOTE | |||
r-release-macos-x86_64 | 1.1.1 | 27.00 | NOTE | |||
r-release-windows-x86_64 | 1.1.1 | 11.00 | 53.00 | 64.00 | OK | |
r-oldrel-macos-arm64 | 1.1.1 | 21.00 | NOTE | |||
r-oldrel-macos-x86_64 | 1.1.1 | 23.00 | NOTE | |||
r-oldrel-windows-ix86+x86_64 | 1.1.1 | 8.00 | 48.00 | 56.00 | OK |
Version: 1.1.1
Check: dependencies in R code
Result: NOTE
Namespace in Imports field not imported from: ‘R6’
All declared Imports should be used.
Flavors: r-devel-linux-x86_64-fedora-clang, r-devel-linux-x86_64-fedora-gcc, r-release-macos-arm64, r-release-macos-x86_64, r-oldrel-macos-arm64, r-oldrel-macos-x86_64