Last updated on 2022-08-15 08:50:00 CEST.
Flavor | Version | Tinstall | Tcheck | Ttotal | Status | Flags |
---|---|---|---|---|---|---|
r-devel-linux-x86_64-debian-clang | 0.4.2 | 3.10 | 48.30 | 51.40 | OK | |
r-devel-linux-x86_64-debian-gcc | 0.4.2 | 2.54 | 36.42 | 38.96 | OK | |
r-devel-linux-x86_64-fedora-clang | 0.4.2 | 72.01 | OK | |||
r-devel-linux-x86_64-fedora-gcc | 0.4.2 | 69.96 | OK | |||
r-devel-windows-x86_64 | 0.4.2 | 23.00 | 89.00 | 112.00 | NOTE | |
r-patched-linux-x86_64 | 0.4.2 | 2.99 | 45.34 | 48.33 | OK | |
r-release-linux-x86_64 | 0.4.2 | 2.81 | 45.79 | 48.60 | OK | |
r-release-macos-arm64 | 0.4.2 | 27.00 | OK | |||
r-release-macos-x86_64 | 0.4.2 | 37.00 | OK | |||
r-release-windows-x86_64 | 0.4.2 | 24.00 | 89.00 | 113.00 | NOTE | |
r-oldrel-macos-arm64 | 0.4.2 | 28.00 | OK | |||
r-oldrel-macos-x86_64 | 0.4.2 | 44.00 | OK | |||
r-oldrel-windows-ix86+x86_64 | 0.4.2 | 10.00 | 79.00 | 89.00 | NOTE |
Version: 0.4.2
Check: package dependencies
Result: NOTE
Package suggested but not available for checking: 'rsyslog'
Flavors: r-devel-windows-x86_64, r-release-windows-x86_64, r-oldrel-windows-ix86+x86_64
Version: 0.4.2
Check: Rd cross-references
Result: NOTE
Package unavailable to check Rd xrefs: 'rsyslog'
Flavor: r-oldrel-windows-ix86+x86_64