Last updated on 2022-08-15 08:50:00 CEST.
Flavor | Version | Tinstall | Tcheck | Ttotal | Status | Flags |
---|---|---|---|---|---|---|
r-devel-linux-x86_64-debian-clang | 0.2 | 4.24 | 61.03 | 65.27 | OK | |
r-devel-linux-x86_64-debian-gcc | 0.2 | 3.18 | 47.00 | 50.18 | OK | |
r-devel-linux-x86_64-fedora-clang | 0.2 | 89.22 | NOTE | |||
r-devel-linux-x86_64-fedora-gcc | 0.2 | 89.93 | NOTE | |||
r-devel-windows-x86_64 | 0.2 | 32.00 | 95.00 | 127.00 | OK | |
r-patched-linux-x86_64 | 0.2 | 3.74 | 59.66 | 63.40 | OK | |
r-release-linux-x86_64 | 0.2 | 3.30 | 58.64 | 61.94 | OK | |
r-release-macos-arm64 | 0.2 | 33.00 | OK | |||
r-release-macos-x86_64 | 0.2 | 55.00 | OK | |||
r-release-windows-x86_64 | 0.2 | 30.00 | 104.00 | 134.00 | OK | |
r-oldrel-macos-arm64 | 0.2 | 43.00 | OK | |||
r-oldrel-macos-x86_64 | 0.2 | 54.00 | OK | |||
r-oldrel-windows-ix86+x86_64 | 0.2 | 10.00 | 102.00 | 112.00 | OK |
Version: 0.2
Check: compiled code
Result: NOTE
File ‘logisticPCA/libs/logisticPCA.so’:
Found no calls to: ‘R_registerRoutines’, ‘R_useDynamicSymbols’
It is good practice to register native routines and to disable symbol
search.
See ‘Writing portable packages’ in the ‘Writing R Extensions’ manual.
Flavors: r-devel-linux-x86_64-fedora-clang, r-devel-linux-x86_64-fedora-gcc