Last updated on 2022-08-15 08:50:00 CEST.
Flavor | Version | Tinstall | Tcheck | Ttotal | Status | Flags |
---|---|---|---|---|---|---|
r-devel-linux-x86_64-debian-clang | 0.3.0 | 3.44 | 51.74 | 55.18 | NOTE | |
r-devel-linux-x86_64-debian-gcc | 0.3.0 | 2.96 | 38.49 | 41.45 | NOTE | |
r-devel-linux-x86_64-fedora-clang | 0.3.0 | 75.63 | NOTE | |||
r-devel-linux-x86_64-fedora-gcc | 0.3.0 | 75.81 | NOTE | |||
r-devel-windows-x86_64 | 0.3.0 | 21.00 | 77.00 | 98.00 | NOTE | |
r-patched-linux-x86_64 | 0.3.0 | 3.44 | 49.47 | 52.91 | NOTE | |
r-release-linux-x86_64 | 0.3.0 | 3.38 | 49.51 | 52.89 | NOTE | |
r-release-macos-arm64 | 0.3.0 | 23.00 | NOTE | |||
r-release-macos-x86_64 | 0.3.0 | 31.00 | NOTE | |||
r-release-windows-x86_64 | 0.3.0 | 20.00 | 85.00 | 105.00 | NOTE | |
r-oldrel-macos-arm64 | 0.3.0 | 23.00 | NOTE | |||
r-oldrel-macos-x86_64 | 0.3.0 | 41.00 | NOTE | |||
r-oldrel-windows-ix86+x86_64 | 0.3.0 | 8.00 | 72.00 | 80.00 | NOTE |
Version: 0.3.0
Check: LazyData
Result: NOTE
'LazyData' is specified without a 'data' directory
Flavors: r-devel-linux-x86_64-debian-clang, r-devel-linux-x86_64-debian-gcc, r-devel-linux-x86_64-fedora-clang, r-devel-linux-x86_64-fedora-gcc, r-devel-windows-x86_64, r-patched-linux-x86_64, r-release-linux-x86_64, r-release-macos-arm64, r-release-macos-x86_64, r-release-windows-x86_64, r-oldrel-macos-arm64, r-oldrel-macos-x86_64, r-oldrel-windows-ix86+x86_64