Last updated on 2022-08-15 08:50:00 CEST.
Flavor | Version | Tinstall | Tcheck | Ttotal | Status | Flags |
---|---|---|---|---|---|---|
r-devel-linux-x86_64-debian-clang | 1.3 | 200.67 | 178.01 | 378.68 | OK | --no-vignettes |
r-devel-linux-x86_64-debian-gcc | 1.3 | 169.60 | 131.54 | 301.14 | OK | --no-vignettes |
r-devel-linux-x86_64-fedora-clang | 1.3 | 485.19 | OK | --no-vignettes | ||
r-devel-linux-x86_64-fedora-gcc | 1.3 | 527.65 | OK | --no-vignettes | ||
r-devel-windows-x86_64 | 1.3 | 187.00 | 216.00 | 403.00 | OK | --no-vignettes |
r-patched-linux-x86_64 | 1.3 | 182.65 | 169.89 | 352.54 | OK | --no-vignettes |
r-release-linux-x86_64 | 1.3 | 171.23 | 171.60 | 342.83 | WARN | --no-vignettes |
r-release-macos-arm64 | 1.3 | 981.00 | NOTE | |||
r-release-macos-x86_64 | 1.3 | 1803.00 | ERROR | |||
r-release-windows-x86_64 | 1.3 | 166.00 | 270.00 | 436.00 | WARN | --no-vignettes |
r-oldrel-macos-arm64 | 1.3 | 1687.00 | NOTE | |||
r-oldrel-macos-x86_64 | 1.3 | 1534.00 | NOTE | |||
r-oldrel-windows-ix86+x86_64 | 1.3 | 439.00 | 306.00 | 745.00 | WARN | --no-vignettes |
Version: 1.3
Flags: --no-vignettes
Check: whether package can be installed
Result: WARN
Found the following significant warnings:
/home/hornik/tmp/R.check/r-release-gcc/Work/build/Packages/BH/include/boost/container/detail/copy_move_algo.hpp:184:19: warning: ‘void* memmove(void*, const void*, size_t)’ writing to an object of type ‘value_type’ {aka ‘struct boost::container::dtl::pair<int, int>’} with no trivial copy-assignment; use copy-assignment or copy-initialization instead [-Wclass-memaccess]
/home/hornik/tmp/R.check/r-release-gcc/Work/build/Packages/BH/include/boost/container/detail/copy_move_algo.hpp:199:19: warning: ‘void* memmove(void*, const void*, size_t)’ writing to an object of type ‘boost::movelib::detail::iterator_to_element_ptr<boost::container::dtl::pair<int, int>*>::element_type’ {aka ‘struct boost::container::dtl::pair<int, int>’} with no trivial copy-assignment; use copy-assignment or copy-initialization instead [-Wclass-memaccess]
/home/hornik/tmp/R.check/r-release-gcc/Work/build/Packages/BH/include/boost/container/detail/copy_move_algo.hpp:912:19: warning: ‘void* memmove(void*, const void*, size_t)’ writing to an object of type ‘boost::movelib::detail::iterator_to_element_ptr<boost::container::dtl::pair<int, int>*>::element_type’ {aka ‘struct boost::container::dtl::pair<int, int>’} with no trivial copy-assignment; use copy-assignment or copy-initialization instead [-Wclass-memaccess]
Flavor: r-release-linux-x86_64
Version: 1.3
Check: installed package size
Result: NOTE
installed size is 19.8Mb
sub-directories of 1Mb or more:
libs 18.1Mb
Flavors: r-release-macos-arm64, r-release-macos-x86_64, r-oldrel-macos-arm64, r-oldrel-macos-x86_64
Version: 1.3
Check: re-building of vignette outputs
Result: ERROR
Error(s) in re-building vignettes:
...
--- re-building ‘lolog-ergm.Rmd’ using rmarkdown
Execution halted
* checking PDF version of manual ...* using check arguments '--no-clean-on-error '
Flavor: r-release-macos-x86_64
Version: 1.3
Flags: --no-vignettes
Check: whether package can be installed
Result: WARN
Found the following significant warnings:
D:/RCompile/CRANpkg/lib/4.2/BH/include/boost/container/detail/copy_move_algo.hpp:184:19: warning: 'void* memmove(void*, const void*, size_t)' writing to an object of type 'value_type' {aka 'struct boost::container::dtl::pair<int, int>'} with no trivial copy-assignment; use copy-assignment or copy-initialization instead [-Wclass-memaccess]
D:/RCompile/CRANpkg/lib/4.2/BH/include/boost/container/detail/copy_move_algo.hpp:199:19: warning: 'void* memmove(void*, const void*, size_t)' writing to an object of type 'boost::movelib::detail::iterator_to_element_ptr<boost::container::dtl::pair<int, int>*>::element_type' {aka 'struct boost::container::dtl::pair<int, int>'} with no trivial copy-assignment; use copy-assignment or copy-initialization instead [-Wclass-memaccess]
D:/RCompile/CRANpkg/lib/4.2/BH/include/boost/container/detail/copy_move_algo.hpp:912:19: warning: 'void* memmove(void*, const void*, size_t)' writing to an object of type 'boost::movelib::detail::iterator_to_element_ptr<boost::container::dtl::pair<int, int>*>::element_type' {aka 'struct boost::container::dtl::pair<int, int>'} with no trivial copy-assignment; use copy-assignment or copy-initialization instead [-Wclass-memaccess]
Flavor: r-release-windows-x86_64
Version: 1.3
Flags: --no-vignettes
Check: whether package can be installed
Result: WARN
Found the following significant warnings:
d:/RCompile/CRANpkg/lib/4.1/BH/include/boost/container/detail/copy_move_algo.hpp:184:19: warning: 'void* memmove(void*, const void*, size_t)' writing to an object of type 'value_type' {aka 'struct boost::container::dtl::pair<int, int>'} with no trivial copy-assignment; use copy-assignment or copy-initialization instead [-Wclass-memaccess]
d:/RCompile/CRANpkg/lib/4.1/BH/include/boost/container/detail/copy_move_algo.hpp:199:19: warning: 'void* memmove(void*, const void*, size_t)' writing to an object of type 'boost::movelib::detail::iterator_to_element_ptr<boost::container::dtl::pair<int, int>*>::element_type' {aka 'struct boost::container::dtl::pair<int, int>'} with no trivial copy-assignment; use copy-assignment or copy-initialization instead [-Wclass-memaccess]
d:/RCompile/CRANpkg/lib/4.1/BH/include/boost/container/detail/copy_move_algo.hpp:912:19: warning: 'void* memmove(void*, const void*, size_t)' writing to an object of type 'boost::movelib::detail::iterator_to_element_ptr<boost::container::dtl::pair<int, int>*>::element_type' {aka 'struct boost::container::dtl::pair<int, int>'} with no trivial copy-assignment; use copy-assignment or copy-initialization instead [-Wclass-memaccess]
Flavor: r-oldrel-windows-ix86+x86_64
Version: 1.3
Flags: --no-vignettes
Check: installed package size
Result: NOTE
installed size is 6.3Mb
sub-directories of 1Mb or more:
libs 4.7Mb
Flavor: r-oldrel-windows-ix86+x86_64