Last updated on 2022-08-15 08:50:00 CEST.
Flavor | Version | Tinstall | Tcheck | Ttotal | Status | Flags |
---|---|---|---|---|---|---|
r-devel-linux-x86_64-debian-clang | 0.3.3 | 1.63 | 22.99 | 24.62 | NOTE | |
r-devel-linux-x86_64-debian-gcc | 0.3.3 | 1.48 | 18.07 | 19.55 | NOTE | |
r-devel-linux-x86_64-fedora-clang | 0.3.3 | 40.78 | NOTE | |||
r-devel-linux-x86_64-fedora-gcc | 0.3.3 | 41.42 | NOTE | |||
r-devel-windows-x86_64 | 0.3.3 | 6.00 | 57.00 | 63.00 | NOTE | |
r-patched-linux-x86_64 | 0.3.3 | 1.55 | 22.40 | 23.95 | NOTE | |
r-release-linux-x86_64 | 0.3.3 | 2.12 | 22.38 | 24.50 | NOTE | |
r-release-macos-arm64 | 0.3.3 | 34.00 | NOTE | |||
r-release-macos-x86_64 | 0.3.3 | 38.00 | NOTE | |||
r-release-windows-x86_64 | 0.3.3 | 7.00 | 55.00 | 62.00 | NOTE | |
r-oldrel-macos-arm64 | 0.3.3 | 35.00 | NOTE | |||
r-oldrel-macos-x86_64 | 0.3.3 | 36.00 | NOTE | |||
r-oldrel-windows-ix86+x86_64 | 0.3.3 | 6.00 | 48.00 | 54.00 | NOTE |
Version: 0.3.3
Check: LazyData
Result: NOTE
'LazyData' is specified without a 'data' directory
Flavors: r-devel-linux-x86_64-debian-clang, r-devel-linux-x86_64-debian-gcc, r-devel-linux-x86_64-fedora-clang, r-devel-linux-x86_64-fedora-gcc, r-devel-windows-x86_64, r-patched-linux-x86_64, r-release-linux-x86_64, r-release-macos-arm64, r-release-macos-x86_64, r-release-windows-x86_64, r-oldrel-macos-arm64, r-oldrel-macos-x86_64, r-oldrel-windows-ix86+x86_64