Last updated on 2022-08-15 08:50:00 CEST.
Flavor | Version | Tinstall | Tcheck | Ttotal | Status | Flags |
---|---|---|---|---|---|---|
r-devel-linux-x86_64-debian-clang | 5.6.15 | 34.59 | 23.07 | 57.66 | NOTE | |
r-devel-linux-x86_64-debian-gcc | 5.6.15 | 26.33 | 18.17 | 44.50 | NOTE | |
r-devel-linux-x86_64-fedora-clang | 5.6.15 | 81.51 | NOTE | |||
r-devel-linux-x86_64-fedora-gcc | 5.6.15 | 85.75 | NOTE | |||
r-devel-windows-x86_64 | 5.6.15 | 67.00 | 50.00 | 117.00 | NOTE | |
r-patched-linux-x86_64 | 5.6.15 | 30.09 | 22.53 | 52.62 | OK | |
r-release-linux-x86_64 | 5.6.15 | 29.48 | 22.70 | 52.18 | OK | |
r-release-macos-arm64 | 5.6.15 | 27.00 | OK | |||
r-release-macos-x86_64 | 5.6.15 | 38.00 | OK | |||
r-release-windows-x86_64 | 5.6.15 | 83.00 | 53.00 | 136.00 | OK | |
r-oldrel-macos-arm64 | 5.6.15 | 44.00 | OK | |||
r-oldrel-macos-x86_64 | 5.6.15 | 52.00 | OK | |||
r-oldrel-windows-ix86+x86_64 | 5.6.15 | 161.00 | 40.00 | 201.00 | OK |
Version: 5.6.15
Check: Rd files
Result: NOTE
checkRd: (-1) lp.Rd:4: Escaped LaTeX specials: \_
checkRd: (-1) lp.Rd:53: Escaped LaTeX specials: \_
checkRd: (-1) lp.assign.Rd:4: Escaped LaTeX specials: \_
checkRd: (-1) lp.transport.Rd:4: Escaped LaTeX specials: \_
Flavors: r-devel-linux-x86_64-debian-clang, r-devel-linux-x86_64-debian-gcc, r-devel-linux-x86_64-fedora-clang, r-devel-linux-x86_64-fedora-gcc, r-devel-windows-x86_64