Last updated on 2022-08-15 08:50:00 CEST.
Flavor | Version | Tinstall | Tcheck | Ttotal | Status | Flags |
---|---|---|---|---|---|---|
r-devel-linux-x86_64-debian-clang | 0.1.0 | 2.40 | 46.23 | 48.63 | OK | |
r-devel-linux-x86_64-debian-gcc | 0.1.0 | 2.86 | 35.70 | 38.56 | OK | |
r-devel-linux-x86_64-fedora-clang | 0.1.0 | 70.60 | NOTE | |||
r-devel-linux-x86_64-fedora-gcc | 0.1.0 | 67.15 | NOTE | |||
r-devel-windows-x86_64 | 0.1.0 | 17.00 | 78.00 | 95.00 | OK | |
r-patched-linux-x86_64 | 0.1.0 | 2.90 | 44.61 | 47.51 | OK | |
r-release-linux-x86_64 | 0.1.0 | 3.25 | 44.86 | 48.11 | OK | |
r-release-macos-arm64 | 0.1.0 | 26.00 | NOTE | |||
r-release-macos-x86_64 | 0.1.0 | 34.00 | NOTE | |||
r-release-windows-x86_64 | 0.1.0 | 7.00 | 80.00 | 87.00 | OK | |
r-oldrel-macos-arm64 | 0.1.0 | 28.00 | NOTE | |||
r-oldrel-macos-x86_64 | 0.1.0 | 35.00 | NOTE | |||
r-oldrel-windows-ix86+x86_64 | 0.1.0 | 7.00 | 68.00 | 75.00 | OK |
Version: 0.1.0
Check: dependencies in R code
Result: NOTE
Namespace in Imports field not imported from: ‘knitr’
All declared Imports should be used.
Flavors: r-devel-linux-x86_64-fedora-clang, r-devel-linux-x86_64-fedora-gcc, r-release-macos-arm64, r-release-macos-x86_64, r-oldrel-macos-arm64, r-oldrel-macos-x86_64