Last updated on 2022-08-15 08:50:00 CEST.
Flavor | Version | Tinstall | Tcheck | Ttotal | Status | Flags |
---|---|---|---|---|---|---|
r-devel-linux-x86_64-debian-clang | 0.1.6 | 58.94 | 117.39 | 176.33 | ERROR | |
r-devel-linux-x86_64-debian-gcc | 0.1.6 | 52.10 | 88.96 | 141.06 | ERROR | |
r-devel-linux-x86_64-fedora-clang | 0.1.6 | 241.68 | ERROR | |||
r-devel-linux-x86_64-fedora-gcc | 0.1.6 | 249.33 | ERROR | |||
r-devel-windows-x86_64 | 0.1.6 | 71.00 | 178.00 | 249.00 | ERROR | |
r-patched-linux-x86_64 | 0.1.6 | 58.04 | 105.94 | 163.98 | OK | |
r-release-linux-x86_64 | 0.1.6 | 54.91 | 107.13 | 162.04 | OK | |
r-release-macos-arm64 | 0.1.6 | 61.00 | NOTE | |||
r-release-macos-x86_64 | 0.1.6 | 86.00 | NOTE | |||
r-release-windows-x86_64 | 0.1.6 | 128.00 | 181.00 | 309.00 | OK | |
r-oldrel-macos-arm64 | 0.1.6 | 62.00 | NOTE | |||
r-oldrel-macos-x86_64 | 0.1.6 | 91.00 | NOTE | |||
r-oldrel-windows-ix86+x86_64 | 0.1.6 | 133.00 | 232.00 | 365.00 | OK |
Version: 0.1.6
Check: PDF version of manual
Result: WARN
LaTeX errors when creating PDF version.
This typically indicates Rd problems.
LaTeX errors found:
! LaTeX Error: Unicode character â<c2><89>€ (U+2264)
not set up for use with LaTeX.
See the LaTeX manual or LaTeX Companion for explanation.
Type H <return> for immediate help.
Flavor: r-devel-linux-x86_64-debian-clang
Version: 0.1.6
Check: PDF version of manual without index
Result: ERROR
Flavors: r-devel-linux-x86_64-debian-clang, r-devel-linux-x86_64-debian-gcc, r-devel-linux-x86_64-fedora-clang, r-devel-linux-x86_64-fedora-gcc, r-devel-windows-x86_64
Version: 0.1.6
Check: for non-standard things in the check directory
Result: NOTE
Found the following files/directories:
'lrstat-manual.tex'
Flavors: r-devel-linux-x86_64-debian-clang, r-devel-linux-x86_64-debian-gcc, r-devel-linux-x86_64-fedora-clang, r-devel-linux-x86_64-fedora-gcc
Version: 0.1.6
Check: PDF version of manual
Result: WARN
LaTeX errors when creating PDF version.
This typically indicates Rd problems.
LaTeX errors found:
! LaTeX Error: Unicode character ≤ (U+2264)
not set up for use with LaTeX.
See the LaTeX manual or LaTeX Companion for explanation.
Type H <return> for immediate help.
Flavors: r-devel-linux-x86_64-debian-gcc, r-devel-linux-x86_64-fedora-clang, r-devel-linux-x86_64-fedora-gcc
Version: 0.1.6
Check: PDF version of manual
Result: WARN
LaTeX errors when creating PDF version.
This typically indicates Rd problems.
LaTeX errors found:
! Package inputenc Error: Unicode character ≤ (U+2264)
(inputenc) not set up for use with LaTeX.
See the inputenc package documentation for explanation.
Type H <return> for immediate help.
Flavor: r-devel-windows-x86_64
Version: 0.1.6
Check: installed package size
Result: NOTE
installed size is 6.2Mb
sub-directories of 1Mb or more:
libs 5.8Mb
Flavors: r-release-macos-arm64, r-release-macos-x86_64, r-oldrel-macos-arm64, r-oldrel-macos-x86_64