Last updated on 2022-08-15 08:50:00 CEST.
Flavor | Version | Tinstall | Tcheck | Ttotal | Status | Flags |
---|---|---|---|---|---|---|
r-devel-linux-x86_64-debian-clang | 0.73.3 | 3.14 | 39.44 | 42.58 | NOTE | |
r-devel-linux-x86_64-debian-gcc | 0.73.3 | 2.79 | 31.33 | 34.12 | NOTE | |
r-devel-linux-x86_64-fedora-clang | 0.73.3 | 62.20 | NOTE | |||
r-devel-linux-x86_64-fedora-gcc | 0.73.3 | 60.87 | NOTE | |||
r-devel-windows-x86_64 | 0.73.3 | 11.00 | 72.00 | 83.00 | NOTE | |
r-patched-linux-x86_64 | 0.73.3 | 3.14 | 37.81 | 40.95 | OK | |
r-release-linux-x86_64 | 0.73.3 | 2.47 | 37.00 | 39.47 | OK | |
r-release-macos-arm64 | 0.73.3 | 31.00 | NOTE | |||
r-release-macos-x86_64 | 0.73.3 | 30.00 | NOTE | |||
r-release-windows-x86_64 | 0.73.3 | 18.00 | 70.00 | 88.00 | OK | |
r-oldrel-macos-arm64 | 0.73.3 | 21.00 | NOTE | |||
r-oldrel-macos-x86_64 | 0.73.3 | 30.00 | NOTE | |||
r-oldrel-windows-ix86+x86_64 | 0.73.3 | 8.00 | 57.00 | 65.00 | OK |
Version: 0.73.3
Check: Rd files
Result: NOTE
checkRd: (-1) specialchars.Rd:6: Escaped LaTeX specials: \&
Flavors: r-devel-linux-x86_64-debian-clang, r-devel-linux-x86_64-debian-gcc, r-devel-linux-x86_64-fedora-clang, r-devel-linux-x86_64-fedora-gcc, r-devel-windows-x86_64
Version: 0.73.3
Check: data for non-ASCII characters
Result: NOTE
Note: found 143 marked Latin-1 strings
Note: found 833 marked UTF-8 strings
Flavors: r-devel-linux-x86_64-fedora-clang, r-devel-linux-x86_64-fedora-gcc, r-release-macos-arm64, r-release-macos-x86_64, r-oldrel-macos-arm64, r-oldrel-macos-x86_64