Last updated on 2022-08-15 08:50:00 CEST.
Flavor | Version | Tinstall | Tcheck | Ttotal | Status | Flags |
---|---|---|---|---|---|---|
r-devel-linux-x86_64-debian-clang | 0.1 | 2.29 | 35.01 | 37.30 | NOTE | |
r-devel-linux-x86_64-debian-gcc | 0.1 | 1.71 | 26.57 | 28.28 | NOTE | |
r-devel-linux-x86_64-fedora-clang | 0.1 | 55.94 | NOTE | |||
r-devel-linux-x86_64-fedora-gcc | 0.1 | 55.90 | NOTE | |||
r-devel-windows-x86_64 | 0.1 | 7.00 | 64.00 | 71.00 | NOTE | |
r-patched-linux-x86_64 | 0.1 | 2.58 | 33.96 | 36.54 | NOTE | |
r-release-linux-x86_64 | 0.1 | 2.31 | 34.06 | 36.37 | NOTE | |
r-release-macos-arm64 | 0.1 | 24.00 | NOTE | |||
r-release-macos-x86_64 | 0.1 | 27.00 | NOTE | |||
r-release-windows-x86_64 | 0.1 | 6.00 | 64.00 | 70.00 | NOTE | |
r-oldrel-macos-arm64 | 0.1 | 25.00 | NOTE | |||
r-oldrel-macos-x86_64 | 0.1 | 36.00 | NOTE | |||
r-oldrel-windows-ix86+x86_64 | 0.1 | 8.00 | 52.00 | 60.00 | NOTE |
Version: 0.1
Check: LazyData
Result: NOTE
'LazyData' is specified without a 'data' directory
Flavors: r-devel-linux-x86_64-debian-clang, r-devel-linux-x86_64-debian-gcc, r-devel-linux-x86_64-fedora-clang, r-devel-linux-x86_64-fedora-gcc, r-devel-windows-x86_64, r-patched-linux-x86_64, r-release-linux-x86_64, r-release-macos-arm64, r-release-macos-x86_64, r-release-windows-x86_64, r-oldrel-macos-arm64, r-oldrel-macos-x86_64, r-oldrel-windows-ix86+x86_64
Version: 0.1
Check: dependencies in R code
Result: NOTE
Namespace in Imports field not imported from: ‘Matrix’
All declared Imports should be used.
Flavors: r-devel-linux-x86_64-fedora-clang, r-devel-linux-x86_64-fedora-gcc, r-release-macos-arm64, r-release-macos-x86_64, r-oldrel-macos-arm64, r-oldrel-macos-x86_64