Last updated on 2022-08-15 08:50:00 CEST.
Flavor | Version | Tinstall | Tcheck | Ttotal | Status | Flags |
---|---|---|---|---|---|---|
r-devel-linux-x86_64-debian-clang | 0.4 | 16.40 | 111.39 | 127.79 | NOTE | |
r-devel-linux-x86_64-debian-gcc | 0.4 | 11.06 | 81.02 | 92.08 | NOTE | |
r-devel-linux-x86_64-fedora-clang | 0.4 | 161.64 | NOTE | |||
r-devel-linux-x86_64-fedora-gcc | 0.4 | 157.59 | NOTE | |||
r-devel-windows-x86_64 | 0.4 | 35.00 | 116.00 | 151.00 | NOTE | |
r-patched-linux-x86_64 | 0.4 | 18.07 | 101.07 | 119.14 | NOTE | |
r-release-linux-x86_64 | 0.4 | 17.75 | 103.36 | 121.11 | NOTE | |
r-release-macos-arm64 | 0.4 | 42.00 | NOTE | |||
r-release-macos-x86_64 | 0.4 | 76.00 | NOTE | |||
r-release-windows-x86_64 | 0.4 | 27.00 | 123.00 | 150.00 | NOTE | |
r-oldrel-macos-arm64 | 0.4 | 57.00 | NOTE | |||
r-oldrel-macos-x86_64 | 0.4 | 62.00 | NOTE | |||
r-oldrel-windows-ix86+x86_64 | 0.4 | 32.00 | 118.00 | 150.00 | NOTE |
Version: 0.4
Check: LazyData
Result: NOTE
'LazyData' is specified without a 'data' directory
Flavors: r-devel-linux-x86_64-debian-clang, r-devel-linux-x86_64-debian-gcc, r-devel-linux-x86_64-fedora-clang, r-devel-linux-x86_64-fedora-gcc, r-devel-windows-x86_64, r-patched-linux-x86_64, r-release-linux-x86_64, r-release-macos-arm64, r-release-macos-x86_64, r-release-windows-x86_64, r-oldrel-macos-arm64, r-oldrel-macos-x86_64, r-oldrel-windows-ix86+x86_64