Last updated on 2022-08-15 08:50:00 CEST.
Flavor | Version | Tinstall | Tcheck | Ttotal | Status | Flags |
---|---|---|---|---|---|---|
r-devel-linux-x86_64-debian-clang | 2.0.2 | 3.65 | 150.85 | 154.50 | OK | |
r-devel-linux-x86_64-debian-gcc | 2.0.2 | 3.33 | 98.05 | 101.38 | OK | |
r-devel-linux-x86_64-fedora-clang | 2.0.2 | 183.05 | NOTE | |||
r-devel-linux-x86_64-fedora-gcc | 2.0.2 | 189.68 | OK | |||
r-devel-windows-x86_64 | 2.0.2 | 17.00 | 143.00 | 160.00 | OK | |
r-patched-linux-x86_64 | 2.0.2 | 3.51 | 140.26 | 143.77 | OK | |
r-release-linux-x86_64 | 2.0.2 | 3.99 | 139.58 | 143.57 | OK | |
r-release-macos-arm64 | 2.0.2 | 37.00 | OK | |||
r-release-macos-x86_64 | 2.0.2 | 57.00 | OK | |||
r-release-windows-x86_64 | 2.0.2 | 15.00 | 147.00 | 162.00 | OK | |
r-oldrel-macos-arm64 | 2.0.2 | 39.00 | OK | |||
r-oldrel-macos-x86_64 | 2.0.2 | 60.00 | OK | |||
r-oldrel-windows-ix86+x86_64 | 2.0.2 | 9.00 | 175.00 | 184.00 | OK |
Version: 2.0.2
Check: Rd cross-references
Result: NOTE
Undeclared package ‘MCMCglmm’ in Rd xrefs
Flavor: r-devel-linux-x86_64-fedora-clang