Last updated on 2022-08-15 08:50:00 CEST.
Flavor | Version | Tinstall | Tcheck | Ttotal | Status | Flags |
---|---|---|---|---|---|---|
r-devel-linux-x86_64-debian-clang | 0.1.0 | 94.40 | 174.02 | 268.42 | OK | |
r-devel-linux-x86_64-debian-gcc | 0.1.0 | 69.19 | 130.30 | 199.49 | OK | |
r-devel-linux-x86_64-fedora-clang | 0.1.0 | 349.44 | OK | |||
r-devel-linux-x86_64-fedora-gcc | 0.1.0 | 373.57 | OK | |||
r-devel-windows-x86_64 | 0.1.0 | 80.00 | 222.00 | 302.00 | OK | |
r-patched-linux-x86_64 | 0.1.0 | 80.32 | 167.49 | 247.81 | OK | |
r-release-linux-x86_64 | 0.1.0 | 72.93 | 170.42 | 243.35 | OK | |
r-release-macos-arm64 | 0.1.0 | 101.00 | OK | |||
r-release-macos-x86_64 | 0.1.0 | 122.00 | OK | |||
r-release-windows-x86_64 | 0.1.0 | 75.00 | 234.00 | 309.00 | OK | |
r-oldrel-macos-arm64 | 0.1.0 | 102.00 | NOTE | |||
r-oldrel-macos-x86_64 | 0.1.0 | 186.00 | OK | |||
r-oldrel-windows-ix86+x86_64 | 0.1.0 | 215.00 | 250.00 | 465.00 | OK |
Version: 0.1.0
Check: installed package size
Result: NOTE
installed size is 5.6Mb
sub-directories of 1Mb or more:
libs 5.2Mb
Flavor: r-oldrel-macos-arm64