Last updated on 2022-08-15 08:50:00 CEST.
Flavor | Version | Tinstall | Tcheck | Ttotal | Status | Flags |
---|---|---|---|---|---|---|
r-devel-linux-x86_64-debian-clang | 0.2.0 | 10.90 | 51.21 | 62.11 | NOTE | |
r-devel-linux-x86_64-debian-gcc | 0.2.0 | 9.75 | 39.49 | 49.24 | NOTE | |
r-devel-linux-x86_64-fedora-clang | 0.2.0 | 88.27 | NOTE | |||
r-devel-linux-x86_64-fedora-gcc | 0.2.0 | 89.39 | NOTE | |||
r-devel-windows-x86_64 | 0.2.0 | 41.00 | 84.00 | 125.00 | OK | |
r-patched-linux-x86_64 | 0.2.0 | 15.21 | 48.03 | 63.24 | OK | |
r-release-linux-x86_64 | 0.2.0 | 8.51 | 47.78 | 56.29 | OK | |
r-release-macos-arm64 | 0.2.0 | 26.00 | NOTE | |||
r-release-macos-x86_64 | 0.2.0 | 38.00 | NOTE | |||
r-release-windows-x86_64 | 0.2.0 | 49.00 | 82.00 | 131.00 | OK | |
r-oldrel-macos-arm64 | 0.2.0 | 28.00 | NOTE | |||
r-oldrel-macos-x86_64 | 0.2.0 | 35.00 | NOTE | |||
r-oldrel-windows-ix86+x86_64 | 0.2.0 | 32.00 | 69.00 | 101.00 | OK |
Version: 0.2.0
Check: HTML version of manual
Result: NOTE
Found the following HTML validation problems:
evaluate.html:100:31: Warning: inserting implicit <p>
evaluate.html:100:31: Warning: trimming empty <p>
luz_callback.html:79:95: Warning: inserting implicit <p>
luz_callback.html:108:57: Warning: inserting implicit <p>
luz_callback.html:79:95: Warning: trimming empty <p>
luz_callback.html:108:57: Warning: trimming empty <p>
luz_metric.html:105:51: Warning: inserting implicit <p>
luz_metric.html:105:51: Warning: trimming empty <p>
Flavors: r-devel-linux-x86_64-debian-clang, r-devel-linux-x86_64-debian-gcc, r-devel-linux-x86_64-fedora-clang, r-devel-linux-x86_64-fedora-gcc
Version: 0.2.0
Check: dependencies in R code
Result: NOTE
Namespaces in Imports field not imported from:
‘fs’ ‘progress’
All declared Imports should be used.
Flavors: r-devel-linux-x86_64-fedora-clang, r-devel-linux-x86_64-fedora-gcc, r-release-macos-arm64, r-release-macos-x86_64, r-oldrel-macos-arm64, r-oldrel-macos-x86_64