Last updated on 2022-08-15 08:50:00 CEST.
Flavor | Version | Tinstall | Tcheck | Ttotal | Status | Flags |
---|---|---|---|---|---|---|
r-devel-linux-x86_64-debian-clang | 1.2 | 91.89 | 39.29 | 131.18 | OK | |
r-devel-linux-x86_64-debian-gcc | 1.2 | 71.59 | 29.00 | 100.59 | OK | |
r-devel-linux-x86_64-fedora-clang | 1.2 | 185.93 | OK | |||
r-devel-linux-x86_64-fedora-gcc | 1.2 | 175.63 | OK | |||
r-devel-windows-x86_64 | 1.2 | 78.00 | 90.00 | 168.00 | OK | |
r-patched-linux-x86_64 | 1.2 | 82.28 | 37.07 | 119.35 | OK | |
r-release-linux-x86_64 | 1.2 | 69.29 | 37.87 | 107.16 | OK | |
r-release-macos-arm64 | 1.2 | 41.00 | OK | |||
r-release-macos-x86_64 | 1.2 | 58.00 | OK | |||
r-release-windows-x86_64 | 1.2 | 79.00 | 89.00 | 168.00 | OK | |
r-oldrel-macos-arm64 | 1.2 | 41.00 | NOTE | |||
r-oldrel-macos-x86_64 | 1.2 | 86.00 | OK | |||
r-oldrel-windows-ix86+x86_64 | 1.2 | 206.00 | 106.00 | 312.00 | OK |
Version: 1.2
Check: installed package size
Result: NOTE
installed size is 5.3Mb
sub-directories of 1Mb or more:
libs 5.2Mb
Flavor: r-oldrel-macos-arm64