Last updated on 2022-08-15 08:50:00 CEST.
Flavor | Version | Tinstall | Tcheck | Ttotal | Status | Flags |
---|---|---|---|---|---|---|
r-devel-linux-x86_64-debian-clang | 0.2-8 | 99.24 | 77.61 | 176.85 | OK | |
r-devel-linux-x86_64-debian-gcc | 0.2-8 | 85.57 | 58.43 | 144.00 | OK | |
r-devel-linux-x86_64-fedora-clang | 0.2-8 | 234.61 | OK | |||
r-devel-linux-x86_64-fedora-gcc | 0.2-8 | 250.78 | OK | |||
r-devel-windows-x86_64 | 0.2-8 | 287.00 | 202.00 | 489.00 | NOTE | |
r-patched-linux-x86_64 | 0.2-8 | 90.22 | 72.76 | 162.98 | OK | |
r-release-linux-x86_64 | 0.2-8 | 88.38 | 73.89 | 162.27 | OK | |
r-release-macos-arm64 | 0.2-8 | 67.00 | NOTE | |||
r-release-macos-x86_64 | 0.2-8 | 91.00 | NOTE | |||
r-release-windows-x86_64 | 0.2-8 | 221.00 | 204.00 | 425.00 | NOTE | |
r-oldrel-macos-arm64 | 0.2-8 | 76.00 | NOTE | |||
r-oldrel-macos-x86_64 | 0.2-8 | 89.00 | NOTE | |||
r-oldrel-windows-ix86+x86_64 | 0.2-8 | 293.00 | 219.00 | 512.00 | NOTE |
Version: 0.2-8
Check: installed package size
Result: NOTE
installed size is 11.4Mb
sub-directories of 1Mb or more:
libs 11.3Mb
Flavors: r-devel-windows-x86_64, r-release-macos-arm64, r-release-macos-x86_64, r-release-windows-x86_64, r-oldrel-macos-arm64, r-oldrel-macos-x86_64, r-oldrel-windows-ix86+x86_64