Last updated on 2022-08-15 08:50:01 CEST.
Flavor | Version | Tinstall | Tcheck | Ttotal | Status | Flags |
---|---|---|---|---|---|---|
r-devel-linux-x86_64-debian-clang | 1.0.0 | 2.50 | 31.95 | 34.45 | OK | |
r-devel-linux-x86_64-debian-gcc | 1.0.0 | 1.84 | 24.79 | 26.63 | OK | |
r-devel-linux-x86_64-fedora-clang | 1.0.0 | 51.88 | OK | |||
r-devel-linux-x86_64-fedora-gcc | 1.0.0 | 53.21 | OK | |||
r-devel-windows-x86_64 | 1.0.0 | 20.00 | 56.00 | 76.00 | OK | |
r-patched-linux-x86_64 | 1.0.0 | 2.55 | 29.93 | 32.48 | OK | |
r-release-linux-x86_64 | 1.0.0 | 1.92 | 30.92 | 32.84 | OK | |
r-release-macos-arm64 | 1.0.0 | 5.00 | ERROR | |||
r-release-macos-x86_64 | 1.0.0 | 24.00 | OK | |||
r-release-windows-x86_64 | 1.0.0 | 11.00 | 56.00 | 67.00 | OK | |
r-oldrel-macos-arm64 | 1.0.0 | 9.00 | ERROR | |||
r-oldrel-macos-x86_64 | 1.0.0 | 31.00 | OK | |||
r-oldrel-windows-ix86+x86_64 | 1.0.0 | 7.00 | 45.00 | 52.00 | OK |
Version: 1.0.0
Check: package dependencies
Result: ERROR
Package required but not available: ‘qusage’
See section ‘The DESCRIPTION file’ in the ‘Writing R Extensions’
manual.
Flavors: r-release-macos-arm64, r-oldrel-macos-arm64