Last updated on 2022-08-15 08:50:01 CEST.
Flavor | Version | Tinstall | Tcheck | Ttotal | Status | Flags |
---|---|---|---|---|---|---|
r-devel-linux-x86_64-debian-clang | 0.0.1 | 5.23 | 38.00 | 43.23 | WARN | |
r-devel-linux-x86_64-debian-gcc | 0.0.1 | 3.68 | 29.35 | 33.03 | OK | |
r-devel-linux-x86_64-fedora-clang | 0.0.1 | 63.00 | WARN | |||
r-devel-linux-x86_64-fedora-gcc | 0.0.1 | 65.80 | OK | |||
r-devel-windows-x86_64 | 0.0.1 | 16.00 | 78.00 | 94.00 | OK | |
r-patched-linux-x86_64 | 0.0.1 | 4.99 | 37.33 | 42.32 | OK | |
r-release-linux-x86_64 | 0.0.1 | 6.48 | 37.40 | 43.88 | OK | |
r-release-macos-arm64 | 0.0.1 | 25.00 | OK | |||
r-release-macos-x86_64 | 0.0.1 | 34.00 | OK | |||
r-release-windows-x86_64 | 0.0.1 | 17.00 | 77.00 | 94.00 | OK | |
r-oldrel-macos-arm64 | 0.0.1 | 32.00 | OK | |||
r-oldrel-macos-x86_64 | 0.0.1 | 39.00 | OK | |||
r-oldrel-windows-ix86+x86_64 | 0.0.1 | 14.00 | 89.00 | 103.00 | OK |
Version: 0.0.1
Check: whether package can be installed
Result: WARN
Found the following significant warnings:
Cmicrosim.c:789:18: warning: use of bitwise '|' with boolean operands [-Wbitwise-instead-of-logical]
Cmicrosim.c:798:18: warning: use of bitwise '|' with boolean operands [-Wbitwise-instead-of-logical]
Cmicrosim.c:965:16: warning: use of bitwise '|' with boolean operands [-Wbitwise-instead-of-logical]
Cmicrosim.c:1018:16: warning: use of bitwise '|' with boolean operands [-Wbitwise-instead-of-logical]
Cmicrosim.c:1068:16: warning: use of bitwise '|' with boolean operands [-Wbitwise-instead-of-logical]
Flavors: r-devel-linux-x86_64-debian-clang, r-devel-linux-x86_64-fedora-clang