Last updated on 2022-08-15 08:50:01 CEST.
Flavor | Version | Tinstall | Tcheck | Ttotal | Status | Flags |
---|---|---|---|---|---|---|
r-devel-linux-x86_64-debian-clang | 3.4.0 | 4.64 | 39.00 | 43.64 | NOTE | |
r-devel-linux-x86_64-debian-gcc | 3.4.0 | 3.80 | 29.38 | 33.18 | NOTE | |
r-devel-linux-x86_64-fedora-clang | 3.4.0 | 63.81 | NOTE | |||
r-devel-linux-x86_64-fedora-gcc | 3.4.0 | 63.40 | NOTE | |||
r-devel-windows-x86_64 | 3.4.0 | 20.00 | 61.00 | 81.00 | NOTE | |
r-patched-linux-x86_64 | 3.4.0 | 4.78 | 35.84 | 40.62 | NOTE | |
r-release-linux-x86_64 | 3.4.0 | 4.98 | 35.73 | 40.71 | NOTE | |
r-release-macos-arm64 | 3.4.0 | 18.00 | NOTE | |||
r-release-macos-x86_64 | 3.4.0 | 27.00 | NOTE | |||
r-release-windows-x86_64 | 3.4.0 | 18.00 | 59.00 | 77.00 | NOTE | |
r-oldrel-macos-arm64 | 3.4.0 | 24.00 | NOTE | |||
r-oldrel-macos-x86_64 | 3.4.0 | 39.00 | NOTE | |||
r-oldrel-windows-ix86+x86_64 | 3.4.0 | 10.00 | 54.00 | 64.00 | NOTE |
Version: 3.4.0
Check: LazyData
Result: NOTE
'LazyData' is specified without a 'data' directory
Flavors: r-devel-linux-x86_64-debian-clang, r-devel-linux-x86_64-debian-gcc, r-devel-linux-x86_64-fedora-clang, r-devel-linux-x86_64-fedora-gcc, r-devel-windows-x86_64, r-patched-linux-x86_64, r-release-linux-x86_64, r-release-macos-arm64, r-release-macos-x86_64, r-release-windows-x86_64, r-oldrel-macos-arm64, r-oldrel-macos-x86_64, r-oldrel-windows-ix86+x86_64
Version: 3.4.0
Check: dependencies in R code
Result: NOTE
Namespace in Imports field not imported from: ‘utils’
All declared Imports should be used.
Flavors: r-devel-linux-x86_64-fedora-clang, r-devel-linux-x86_64-fedora-gcc, r-release-macos-arm64, r-release-macos-x86_64, r-oldrel-macos-arm64, r-oldrel-macos-x86_64