Last updated on 2022-08-15 08:50:00 CEST.
Flavor | Version | Tinstall | Tcheck | Ttotal | Status | Flags |
---|---|---|---|---|---|---|
r-devel-linux-x86_64-debian-clang | 0.2 | 1.75 | 28.09 | 29.84 | OK | |
r-devel-linux-x86_64-debian-gcc | 0.2 | 1.75 | 21.73 | 23.48 | OK | |
r-devel-linux-x86_64-fedora-clang | 0.2 | 47.04 | NOTE | |||
r-devel-linux-x86_64-fedora-gcc | 0.2 | 47.84 | NOTE | |||
r-devel-windows-x86_64 | 0.2 | 15.00 | 53.00 | 68.00 | OK | |
r-patched-linux-x86_64 | 0.2 | 1.92 | 26.54 | 28.46 | OK | |
r-release-linux-x86_64 | 0.2 | 2.33 | 27.37 | 29.70 | OK | |
r-release-macos-arm64 | 0.2 | 25.00 | NOTE | |||
r-release-macos-x86_64 | 0.2 | 25.00 | NOTE | |||
r-release-windows-x86_64 | 0.2 | 17.00 | 54.00 | 71.00 | OK | |
r-oldrel-macos-arm64 | 0.2 | 18.00 | NOTE | |||
r-oldrel-macos-x86_64 | 0.2 | 23.00 | NOTE | |||
r-oldrel-windows-ix86+x86_64 | 0.2 | 6.00 | 47.00 | 53.00 | OK |
Version: 0.2
Check: data for non-ASCII characters
Result: NOTE
Note: found 134 marked UTF-8 strings
Flavors: r-devel-linux-x86_64-fedora-clang, r-devel-linux-x86_64-fedora-gcc, r-release-macos-arm64, r-release-macos-x86_64, r-oldrel-macos-arm64, r-oldrel-macos-x86_64