Last updated on 2022-08-15 08:50:00 CEST.
Flavor | Version | Tinstall | Tcheck | Ttotal | Status | Flags |
---|---|---|---|---|---|---|
r-devel-linux-x86_64-debian-clang | 0.1.0 | 3.46 | 32.71 | 36.17 | OK | |
r-devel-linux-x86_64-debian-gcc | 0.1.0 | 2.48 | 25.34 | 27.82 | OK | |
r-devel-linux-x86_64-fedora-clang | 0.1.0 | 54.19 | NOTE | |||
r-devel-linux-x86_64-fedora-gcc | 0.1.0 | 53.88 | NOTE | |||
r-devel-windows-x86_64 | 0.1.0 | 9.00 | 55.00 | 64.00 | OK | |
r-patched-linux-x86_64 | 0.1.0 | 3.12 | 30.97 | 34.09 | OK | |
r-release-linux-x86_64 | 0.1.0 | 3.58 | 31.41 | 34.99 | OK | |
r-release-macos-arm64 | 0.1.0 | 19.00 | NOTE | |||
r-release-macos-x86_64 | 0.1.0 | 25.00 | NOTE | |||
r-release-windows-x86_64 | 0.1.0 | 7.00 | 56.00 | 63.00 | OK | |
r-oldrel-macos-arm64 | 0.1.0 | 22.00 | NOTE | |||
r-oldrel-macos-x86_64 | 0.1.0 | 27.00 | NOTE | |||
r-oldrel-windows-ix86+x86_64 | 0.1.0 | 9.00 | 52.00 | 61.00 | OK |
Version: 0.1.0
Check: dependencies in R code
Result: NOTE
Namespaces in Imports field not imported from:
‘rlang’ ‘torch’
All declared Imports should be used.
Flavors: r-devel-linux-x86_64-fedora-clang, r-devel-linux-x86_64-fedora-gcc, r-release-macos-arm64, r-release-macos-x86_64, r-oldrel-macos-arm64, r-oldrel-macos-x86_64