Last updated on 2022-08-15 08:50:00 CEST.
Flavor | Version | Tinstall | Tcheck | Ttotal | Status | Flags |
---|---|---|---|---|---|---|
r-devel-linux-x86_64-debian-clang | 6.0.9 | 12.05 | 146.36 | 158.41 | NOTE | |
r-devel-linux-x86_64-debian-gcc | 6.0.9 | 6.49 | 104.74 | 111.23 | NOTE | |
r-devel-linux-x86_64-fedora-clang | 6.0.9 | 189.09 | NOTE | |||
r-devel-linux-x86_64-fedora-gcc | 6.0.9 | 187.03 | NOTE | |||
r-devel-windows-x86_64 | 6.0.9 | 76.00 | 184.00 | 260.00 | NOTE | |
r-patched-linux-x86_64 | 6.0.9 | 12.51 | 134.50 | 147.01 | OK | |
r-release-linux-x86_64 | 6.0.9 | 10.18 | 132.83 | 143.01 | OK | |
r-release-macos-arm64 | 6.0.9 | 47.00 | NOTE | |||
r-release-macos-x86_64 | 6.0.9 | 71.00 | NOTE | |||
r-release-windows-x86_64 | 6.0.9 | 98.00 | 185.00 | 283.00 | OK | |
r-oldrel-macos-arm64 | 6.0.9 | 48.00 | NOTE | |||
r-oldrel-macos-x86_64 | 6.0.9 | 63.00 | NOTE | |||
r-oldrel-windows-ix86+x86_64 | 6.0.9 | 21.00 | 183.00 | 204.00 | OK |
Version: 6.0.9
Check: Rd files
Result: NOTE
checkRd: (-1) read.magpie.Rd:20: Escaped LaTeX specials: \_ \_
checkRd: (-1) read.magpie.Rd:23: Escaped LaTeX specials: \_
checkRd: (-1) read.magpie.Rd:35: Escaped LaTeX specials: \_
checkRd: (-1) read.magpie.Rd:36: Escaped LaTeX specials: \_
checkRd: (-1) read.magpie.Rd:65: Escaped LaTeX specials: \_
checkRd: (-1) write.magpie.Rd:24: Escaped LaTeX specials: \_ \_
checkRd: (-1) write.magpie.Rd:27: Escaped LaTeX specials: \_
checkRd: (-1) write.magpie.Rd:39: Escaped LaTeX specials: \_
checkRd: (-1) write.magpie.Rd:40: Escaped LaTeX specials: \_
checkRd: (-1) write.magpie.Rd:42: Escaped LaTeX specials: \_
checkRd: (-1) write.magpie.Rd:43: Escaped LaTeX specials: \_
checkRd: (-1) write.magpie.Rd:70: Escaped LaTeX specials: \_
Flavors: r-devel-linux-x86_64-debian-clang, r-devel-linux-x86_64-debian-gcc, r-devel-linux-x86_64-fedora-clang, r-devel-linux-x86_64-fedora-gcc, r-devel-windows-x86_64
Version: 6.0.9
Check: dependencies in R code
Result: NOTE
Namespaces in Imports field not imported from:
‘maptools’ ‘sp’
All declared Imports should be used.
Flavors: r-devel-linux-x86_64-fedora-clang, r-devel-linux-x86_64-fedora-gcc, r-release-macos-arm64, r-release-macos-x86_64, r-oldrel-macos-arm64, r-oldrel-macos-x86_64