Last updated on 2022-08-15 08:50:00 CEST.
Flavor | Version | Tinstall | Tcheck | Ttotal | Status | Flags |
---|---|---|---|---|---|---|
r-devel-linux-x86_64-debian-clang | 1.0.2 | 2.53 | 80.45 | 82.98 | OK | |
r-devel-linux-x86_64-debian-gcc | 1.0.2 | 2.44 | 60.11 | 62.55 | OK | |
r-devel-linux-x86_64-fedora-clang | 1.0.2 | 108.69 | OK | |||
r-devel-linux-x86_64-fedora-gcc | 1.0.2 | 113.94 | OK | |||
r-devel-windows-x86_64 | 1.0.2 | 24.00 | 112.00 | 136.00 | OK | |
r-patched-linux-x86_64 | 1.0.2 | 3.31 | 74.86 | 78.17 | OK | |
r-release-linux-x86_64 | 1.0.2 | 2.79 | 76.72 | 79.51 | OK | |
r-release-macos-arm64 | 1.0.2 | 37.00 | OK | |||
r-release-macos-x86_64 | 1.0.2 | 40.00 | NOTE | |||
r-release-windows-x86_64 | 1.0.2 | 20.00 | 116.00 | 136.00 | OK | |
r-oldrel-macos-arm64 | 1.0.2 | 33.00 | OK | |||
r-oldrel-macos-x86_64 | 1.0.2 | 36.00 | NOTE | |||
r-oldrel-windows-ix86+x86_64 | 1.0.2 | 8.00 | 113.00 | 121.00 | OK |
Version: 1.0.2
Check: package dependencies
Result: NOTE
Package suggested but not available for checking: ‘dittoSeq’
Flavors: r-release-macos-x86_64, r-oldrel-macos-x86_64