Last updated on 2022-08-15 08:50:00 CEST.
Flavor | Version | Tinstall | Tcheck | Ttotal | Status | Flags |
---|---|---|---|---|---|---|
r-devel-linux-x86_64-debian-clang | 1.1 | 20.40 | 247.83 | 268.23 | OK | |
r-devel-linux-x86_64-debian-gcc | 1.1 | 17.44 | 176.16 | 193.60 | OK | |
r-devel-linux-x86_64-fedora-clang | 1.1 | 320.72 | NOTE | |||
r-devel-linux-x86_64-fedora-gcc | 1.1 | 337.96 | OK | |||
r-devel-windows-x86_64 | 1.1 | 34.00 | 293.00 | 327.00 | NOTE | |
r-patched-linux-x86_64 | 1.1 | 17.40 | 234.30 | 251.70 | OK | |
r-release-linux-x86_64 | 1.1 | 14.32 | 236.06 | 250.38 | OK | |
r-release-macos-arm64 | 1.1 | 113.00 | NOTE | |||
r-release-macos-x86_64 | 1.1 | 131.00 | NOTE | |||
r-release-windows-x86_64 | 1.1 | 47.00 | 294.00 | 341.00 | NOTE | |
r-oldrel-macos-arm64 | 1.1 | 111.00 | NOTE | |||
r-oldrel-macos-x86_64 | 1.1 | 129.00 | NOTE | |||
r-oldrel-windows-ix86+x86_64 | 1.1 | 45.00 | 297.00 | 342.00 | NOTE |
Version: 1.1
Check: installed package size
Result: NOTE
installed size is 7.2Mb
sub-directories of 1Mb or more:
doc 6.7Mb
Flavors: r-devel-linux-x86_64-fedora-clang, r-devel-windows-x86_64, r-release-macos-arm64, r-release-macos-x86_64, r-release-windows-x86_64, r-oldrel-macos-arm64, r-oldrel-macos-x86_64, r-oldrel-windows-ix86+x86_64