Last updated on 2022-08-15 08:50:00 CEST.
Flavor | Version | Tinstall | Tcheck | Ttotal | Status | Flags |
---|---|---|---|---|---|---|
r-devel-linux-x86_64-debian-clang | 0.2.0 | 2.76 | 28.36 | 31.12 | NOTE | |
r-devel-linux-x86_64-debian-gcc | 0.2.0 | 1.84 | 22.31 | 24.15 | NOTE | |
r-devel-linux-x86_64-fedora-clang | 0.2.0 | 49.41 | NOTE | |||
r-devel-linux-x86_64-fedora-gcc | 0.2.0 | 47.86 | NOTE | |||
r-devel-windows-x86_64 | 0.2.0 | 15.00 | 56.00 | 71.00 | NOTE | |
r-patched-linux-x86_64 | 0.2.0 | 2.39 | 27.62 | 30.01 | NOTE | |
r-release-linux-x86_64 | 0.2.0 | 2.64 | 27.63 | 30.27 | NOTE | |
r-release-macos-arm64 | 0.2.0 | 20.00 | NOTE | |||
r-release-macos-x86_64 | 0.2.0 | 25.00 | NOTE | |||
r-release-windows-x86_64 | 0.2.0 | 16.00 | 55.00 | 71.00 | NOTE | |
r-oldrel-macos-arm64 | 0.2.0 | 27.00 | NOTE | |||
r-oldrel-macos-x86_64 | 0.2.0 | 31.00 | NOTE | |||
r-oldrel-windows-ix86+x86_64 | 0.2.0 | 9.00 | 68.00 | 77.00 | NOTE |
Version: 0.2.0
Check: LazyData
Result: NOTE
'LazyData' is specified without a 'data' directory
Flavors: r-devel-linux-x86_64-debian-clang, r-devel-linux-x86_64-debian-gcc, r-devel-linux-x86_64-fedora-clang, r-devel-linux-x86_64-fedora-gcc, r-devel-windows-x86_64, r-patched-linux-x86_64, r-release-linux-x86_64, r-release-macos-arm64, r-release-macos-x86_64, r-release-windows-x86_64, r-oldrel-macos-arm64, r-oldrel-macos-x86_64, r-oldrel-windows-ix86+x86_64