Last updated on 2022-08-15 08:50:00 CEST.
Flavor | Version | Tinstall | Tcheck | Ttotal | Status | Flags |
---|---|---|---|---|---|---|
r-devel-linux-x86_64-debian-clang | 0.11.1 | 6.86 | 72.03 | 78.89 | OK | |
r-devel-linux-x86_64-debian-gcc | 0.11.1 | 6.30 | 55.29 | 61.59 | OK | |
r-devel-linux-x86_64-fedora-clang | 0.11.1 | 103.38 | NOTE | |||
r-devel-linux-x86_64-fedora-gcc | 0.11.1 | 112.56 | NOTE | |||
r-devel-windows-x86_64 | 0.11.1 | 12.00 | 110.00 | 122.00 | OK | |
r-patched-linux-x86_64 | 0.11.1 | 6.64 | 67.45 | 74.09 | OK | |
r-release-linux-x86_64 | 0.11.1 | 6.95 | 68.89 | 75.84 | OK | |
r-release-macos-arm64 | 0.11.1 | 37.00 | NOTE | |||
r-release-macos-x86_64 | 0.11.1 | 58.00 | NOTE | |||
r-release-windows-x86_64 | 0.11.1 | 102.00 | 113.00 | 215.00 | OK | |
r-oldrel-macos-arm64 | 0.11.1 | 39.00 | NOTE | |||
r-oldrel-macos-x86_64 | 0.11.1 | 56.00 | NOTE | |||
r-oldrel-windows-ix86+x86_64 | 0.11.1 | 19.00 | 95.00 | 114.00 | OK |
Version: 0.11.1
Check: data for non-ASCII characters
Result: NOTE
Note: found 55 marked UTF-8 strings
Flavors: r-devel-linux-x86_64-fedora-clang, r-devel-linux-x86_64-fedora-gcc, r-release-macos-arm64, r-release-macos-x86_64, r-oldrel-macos-arm64, r-oldrel-macos-x86_64