Last updated on 2022-08-15 08:50:00 CEST.
Flavor | Version | Tinstall | Tcheck | Ttotal | Status | Flags |
---|---|---|---|---|---|---|
r-devel-linux-x86_64-debian-clang | 0.0.1 | 5.04 | 47.86 | 52.90 | OK | |
r-devel-linux-x86_64-debian-gcc | 0.0.1 | 5.09 | 35.56 | 40.65 | OK | |
r-devel-linux-x86_64-fedora-clang | 0.0.1 | 74.00 | NOTE | |||
r-devel-linux-x86_64-fedora-gcc | 0.0.1 | 70.92 | NOTE | |||
r-devel-windows-x86_64 | 0.0.1 | 38.00 | 83.00 | 121.00 | OK | |
r-patched-linux-x86_64 | 0.0.1 | 4.80 | 44.00 | 48.80 | OK | |
r-release-linux-x86_64 | 0.0.1 | 4.76 | 45.10 | 49.86 | OK | |
r-release-macos-arm64 | 0.0.1 | 28.00 | NOTE | |||
r-release-macos-x86_64 | 0.0.1 | 49.00 | NOTE | |||
r-release-windows-x86_64 | 0.0.1 | 34.00 | 82.00 | 116.00 | OK | |
r-oldrel-macos-arm64 | 0.0.1 | 42.00 | NOTE | |||
r-oldrel-macos-x86_64 | 0.0.1 | 43.00 | NOTE | |||
r-oldrel-windows-ix86+x86_64 | 0.0.1 | 15.00 | 54.00 | 69.00 | OK |
Version: 0.0.1
Check: dependencies in R code
Result: NOTE
Namespace in Imports field not imported from: ‘dplyr’
All declared Imports should be used.
Flavors: r-devel-linux-x86_64-fedora-clang, r-devel-linux-x86_64-fedora-gcc, r-release-macos-arm64, r-release-macos-x86_64, r-oldrel-macos-arm64, r-oldrel-macos-x86_64
Version: 0.0.1
Check: data for non-ASCII characters
Result: NOTE
Note: found 3058 marked UTF-8 strings
Flavors: r-devel-linux-x86_64-fedora-clang, r-devel-linux-x86_64-fedora-gcc, r-release-macos-arm64, r-release-macos-x86_64, r-oldrel-macos-arm64, r-oldrel-macos-x86_64