Last updated on 2022-08-15 08:50:00 CEST.
Flavor | Version | Tinstall | Tcheck | Ttotal | Status | Flags |
---|---|---|---|---|---|---|
r-devel-linux-x86_64-debian-clang | 0.1.0 | 5.75 | 58.48 | 64.23 | OK | |
r-devel-linux-x86_64-debian-gcc | 0.1.0 | 4.73 | 43.57 | 48.30 | OK | |
r-devel-linux-x86_64-fedora-clang | 0.1.0 | 84.52 | NOTE | |||
r-devel-linux-x86_64-fedora-gcc | 0.1.0 | 82.82 | NOTE | |||
r-devel-windows-x86_64 | 0.1.0 | 12.00 | 78.00 | 90.00 | OK | |
r-patched-linux-x86_64 | 0.1.0 | 5.77 | 55.86 | 61.63 | OK | |
r-release-linux-x86_64 | 0.1.0 | 5.11 | 54.95 | 60.06 | OK | |
r-release-macos-arm64 | 0.1.0 | 24.00 | NOTE | |||
r-release-macos-x86_64 | 0.1.0 | 37.00 | NOTE | |||
r-release-windows-x86_64 | 0.1.0 | 15.00 | 79.00 | 94.00 | OK | |
r-oldrel-macos-arm64 | 0.1.0 | 26.00 | NOTE | |||
r-oldrel-macos-x86_64 | 0.1.0 | 54.00 | NOTE | |||
r-oldrel-windows-ix86+x86_64 | 0.1.0 | 17.00 | 72.00 | 89.00 | OK |
Version: 0.1.0
Check: data for non-ASCII characters
Result: NOTE
Note: found 11396 marked UTF-8 strings
Flavors: r-devel-linux-x86_64-fedora-clang, r-devel-linux-x86_64-fedora-gcc, r-release-macos-arm64, r-release-macos-x86_64, r-oldrel-macos-arm64, r-oldrel-macos-x86_64
Version: 0.1.0
Check: package dependencies
Result: NOTE
Package suggested but not available for checking: ‘showtext’
Flavor: r-oldrel-macos-arm64