Last updated on 2022-08-15 08:50:00 CEST.
Flavor | Version | Tinstall | Tcheck | Ttotal | Status | Flags |
---|---|---|---|---|---|---|
r-devel-linux-x86_64-debian-clang | 0.99.5 | 26.00 | 206.60 | 232.60 | OK | |
r-devel-linux-x86_64-debian-gcc | 0.99.5 | 21.25 | 154.76 | 176.01 | OK | |
r-devel-linux-x86_64-fedora-clang | 0.99.5 | 289.06 | OK | |||
r-devel-linux-x86_64-fedora-gcc | 0.99.5 | 277.13 | OK | |||
r-devel-windows-x86_64 | 0.99.5 | 25.00 | 215.00 | 240.00 | OK | |
r-patched-linux-x86_64 | 0.99.5 | 22.35 | 198.08 | 220.43 | OK | |
r-release-linux-x86_64 | 0.99.5 | 17.14 | 195.06 | 212.20 | OK | |
r-release-macos-arm64 | 0.99.5 | 5.00 | ERROR | |||
r-release-macos-x86_64 | 0.99.5 | 112.00 | OK | |||
r-release-windows-x86_64 | 0.99.5 | 25.00 | 217.00 | 242.00 | OK | |
r-oldrel-macos-arm64 | 0.99.5 | 62.00 | OK | |||
r-oldrel-macos-x86_64 | 0.99.5 | 87.00 | OK | |||
r-oldrel-windows-ix86+x86_64 | 0.99.5 | 60.00 | 214.00 | 274.00 | OK |
Version: 0.99.5
Check: package dependencies
Result: ERROR
Package required but not available: ‘dbarts’
See section ‘The DESCRIPTION file’ in the ‘Writing R Extensions’
manual.
Flavor: r-release-macos-arm64