Last updated on 2022-08-15 08:50:00 CEST.
Flavor | Version | Tinstall | Tcheck | Ttotal | Status | Flags |
---|---|---|---|---|---|---|
r-devel-linux-x86_64-debian-clang | 0.3.1 | 184.72 | 323.35 | 508.07 | OK | |
r-devel-linux-x86_64-debian-gcc | 0.3.1 | 151.39 | 230.73 | 382.12 | OK | |
r-devel-linux-x86_64-fedora-clang | 0.3.1 | 658.35 | NOTE | |||
r-devel-linux-x86_64-fedora-gcc | 0.3.1 | 683.13 | OK | |||
r-devel-windows-x86_64 | 0.3.1 | 201.00 | 359.00 | 560.00 | NOTE | |
r-patched-linux-x86_64 | 0.3.1 | 172.28 | 303.12 | 475.40 | OK | |
r-release-linux-x86_64 | 0.3.1 | 161.52 | 298.92 | 460.44 | OK | |
r-release-macos-arm64 | 0.3.1 | 145.00 | NOTE | |||
r-release-macos-x86_64 | 0.3.1 | 215.00 | NOTE | |||
r-release-windows-x86_64 | 0.3.1 | 187.00 | 374.00 | 561.00 | NOTE | |
r-oldrel-macos-arm64 | 0.3.1 | 131.00 | NOTE | |||
r-oldrel-macos-x86_64 | 0.3.1 | 215.00 | NOTE | |||
r-oldrel-windows-ix86+x86_64 | 0.3.1 | 378.00 | 577.00 | 955.00 | NOTE |
Version: 0.3.1
Check: installed package size
Result: NOTE
installed size is 7.5Mb
sub-directories of 1Mb or more:
R 2.7Mb
data 2.4Mb
Flavors: r-devel-linux-x86_64-fedora-clang, r-devel-windows-x86_64, r-release-macos-arm64, r-release-macos-x86_64, r-release-windows-x86_64, r-oldrel-macos-arm64, r-oldrel-macos-x86_64, r-oldrel-windows-ix86+x86_64